{"id":2113,"date":"2019-10-07T21:20:51","date_gmt":"2019-10-07T19:20:51","guid":{"rendered":"https:\/\/architecturalpress.org\/?post_type=product&#038;p=2113"},"modified":"2024-07-09T16:03:01","modified_gmt":"2024-07-09T14:03:01","slug":"les-livrets-du-premier-semestre-2018-19","status":"publish","type":"product","link":"https:\/\/architecturalpress.org\/index.php\/product\/les-livrets-du-premier-semestre-2018-19\/","title":{"rendered":"Les livrets du premier semestre &#8211; 2018-19"},"content":{"rendered":"\r\n<p><\/p>\r\n<p>Ces livrets pr\u00e9sentent les premiers travaux des \u00e9tudiants qui se sont engag\u00e9s dans les \u00e9tudes d\u2019architecture \u00e0 l\u2019ENSAL. Chaque ann\u00e9e fait l&rsquo;objet de deux volumes : \u00ab analyse architecturale \u00bb et \u00ab atelier de projet \u00bb .<\/p>\r\n<p>\r\n\r\n<\/p>\r\n<p>Cette s\u00e9rie t\u00e9moigne tout d\u2019abord de l\u2019engagement des \u00e9tudiants dans la d\u00e9couverte d\u2019une nouvelle discipline, dont la plupart ignore presque tout. Chacun arrive \u00e0 l\u2019\u00e9cole avec ses propres envies, ses propres motivations, ses propres intuitions, dans ce que l\u2019architecture peut lui offrir. Mais entre observer, visiter, pratiquer au quotidien des lieux construits, et concevoir\u00a0 ou inventer de nouveaux lieux \u00e0 habiter, avec la conscience qu\u2019ils pourront aussi transformer le paysage, mobiliser certaines ressources (mati\u00e8res, \u00e9nergies, savoirs-faire\u2026), procurer de nouvelles \u00e9motions \u2026 Il y a un chemin \u00e0 prendre avec d\u00e9termination.<\/p>\r\n\r\n\r\n\r\n<p><em>2018-19 , volume 1 : analyse architecturale , semestre 1 &#8211; ISBN 978-2-490820-08-5 \/ distribution num\u00e9rique<\/em><br \/><em>2018-19 , volume 2 : atelier de projet , semestre 1 &#8211; ISBN 978-2-490820-09-2 \/ distribution num\u00e9rique<br \/>D\u00e9p\u00f4t l\u00e9gal : septembre 2019\u00a0<\/em><\/p>\r\n<div class=\"page\" title=\"Page 4\">\r\n<div class=\"layoutArea\">\r\n<div class=\"column\">\r\n<p><em>Equipe enseignante : \u00a0Marc BIGARNET et Sidonie JOLY, co-responsables, et Elisabeth POLZELLA , Michelle BATTON , Yves MOUTTON , Jean-Louis BOUCHARD , Juan SOCAS.\u00a0<br \/><\/em><em>Maquette graphique : Sidonie Joly \/ Archivage : <\/em>Corentin ROBERT<\/p>\r\n<div class=\"page\" title=\"Page 4\">\r\n<div class=\"layoutArea\">\r\n<div class=\"column\">\r\n<p><em>Travaux de : ALBIN Lorene , ALTIERI Cassandre , ARSAC Marie , ASQUIN Coline , AZOULAY Emmanuelle , BARAN Yoan , BAVOILLOT Pierre , BEAURENAULT Axel , BEAUVAIS Thomas , BECCU Justine , BERAL R\u00e9mi , BERRY Roxanne , BIARD Emilie , BIRMEC Doga , BLONDY Valentin , BOUDENNE Adeline , BOUDJEMA Sidonie , BOUFFETY William , BOUILLOUX Lisa , BOUZIDI Ouiame , BOYAUD Aymeric , BRI\u00c9 Maxime , BRIGITTE Maryam , BUGNET Maxime , CARRON Stefan , CENE Deniz , CHALENDARD Issia , CHAMAYOU Louis , CHAMPON-BERGERAND Salom\u00e9 , CHATELARD Alice , CHEVROT Maxime , CISSE Oumou , COCQUERELLE Antoine , COULOMBON CASANOVA Marie , CROZIER Am\u00e9lie , DAYNES Arthur , DIALLO Aminata , DONNEAUD Cl\u00e9ment , DOREAU Yann , DOST Marion , DURAK Aleksandra , DURIEUX Arthur , EL KHANJI Jennifer , FAVIER Amaury , FERNANDEZ R\u00e9becca , FERRAT H\u00e9l\u00e8ne , FIDUCIA Manon , FOUILLAT Maxime , FREYSSENET Cl\u00e9ment , GALLAND-DUCORPS Marin , GAUTIER Johanna , GAZAGNE J\u00e9r\u00e9my , GONIN Julien , GONZALEZ GOMEZ Antonia , GUEUTAL Lise , JACQUET Lucas , JARDINIER Paul , JOLLY Lucas , KERBRAT Jos\u00e9phine , KUO-KUONG Noelyne , LACROIX Florestan , LAGARDE Nicolas , LAURET Estelle , LAW-BO-KANG Emma , LE BAIL Paul , LECANTE Louise , LECOCQ-DELPOZO Lucas , LETIENNE L\u00e9a , LOPEZ PAZMI\u00d1O Sofia , LOUPIA Mathilde , MAGATON Elisa , MAISON-LEDUC Coralie , MALICK Mahadi , MANGOLD Lise , MARIN-PACHE Licia , MARTIN-PELAUD Axelle , MARTINON Pauline , MASKOUN Amro , MASSARENTE Ada , MATHIE Florian , MATTE\u00cf Apolline , MEYER Kendra , MEYSEN Fran\u00e7ois , MONTERO Lucile , MOUDDEN Arno , MOUSSEUX Th\u00e9o , MUREAU Valentin , NAUD Estelle , ORIOL Thais , PASTURAL Mathilde , PAULUS Caroline , PELLETIER Juliette , PETIT Alexandra , PICHON Cyriac , PIDOUX Roxanne , PIERLOT Enzo , PIERRE Soleia , POUCHOT-ROUGE Louise , POURPRIX Joanna , REQUIN Anna , ROBIN Yann , ROELS Marie-Charlotte , ROMATOVSKAYA Victoria , ROUMEAS Salom\u00e9 , SANDOZ L\u00e9o , SANTI&#8211;DUCRET Le\u00efla , TAGLIONE Albin , TCHEBANOFF Chlo\u00e9 , THINIERES Nour , THOMAS Margaux , TRIFUNOVIC Ivana , UFARTE Charlotte , VANNOYE Clotilde , VANSTEENKISTE Emilie , VERMEULEN Suzanne , WIBAUX Gabriel , YE L\u00e9opoldine , ZIMMERMANN Marie<\/em><\/p>\r\n<p>&nbsp;<\/p>\r\n<\/div>\r\n<\/div>\r\n<\/div>\r\n<\/div>\r\n<\/div>\r\n<\/div>\r\n","protected":false},"excerpt":{"rendered":"<p><!-- wp:paragraph --><\/p>\n<p>Ces livrets pr\u00e9sentent les premiers travaux des \u00e9tudiants qui se sont engag\u00e9s dans les \u00e9tudes d\u2019architecture \u00e0 l\u2019ENSAL. Chaque ann\u00e9e fait l&rsquo;objet de deux volumes : \u00ab analyse architecturale \u00bb et \u00ab atelier de projet \u00bb .<\/p>\n<p><!-- \/wp:paragraph --><\/p>\n<p><!-- wp:paragraph --><\/p>\n<p><!-- \/wp:paragraph --><\/p>\n<p><!-- wp:paragraph --><\/p>\n<p><!-- \/wp:paragraph --><\/p>\n<p><!-- \/wp:paragraph --><\/p>\n<p><!-- wp:paragraph --><\/p>\n<p><em>2018-19 , volume 1 : analyse architecturale , semestre 1 &#8211; ISBN 978-2-490820-08-5 \/ distribution num\u00e9rique<\/em><br \/><em>2018-19 , volume 2 : atelier de projet , semestre 1 &#8211; ISBN 978-2-490820-09-2 \/ distribution num\u00e9rique<br \/>D\u00e9p\u00f4t l\u00e9gal : septembre 2019\u00a0<\/em><\/p>\n<p><!-- \/wp:paragraph --><\/p>\n","protected":false},"featured_media":186,"template":"","meta":[],"product_brand":[],"product_cat":[32,46,18,50,44,35],"product_tag":[62,64,27],"class_list":{"0":"post-2113","1":"product","2":"type-product","3":"status-publish","4":"has-post-thumbnail","6":"product_cat-gratuit","7":"product_cat-pdf","8":"product_cat-pedagogique","9":"product_cat-sur-le-site","10":"product_cat-telechargeable","11":"product_cat-travaux-pedagogiques","12":"product_tag-architecture","13":"product_tag-licence","14":"product_tag-projet-darchitecture","15":"product_shipping_class-telechargement","17":"first","18":"instock","19":"downloadable","20":"virtual","21":"purchasable","22":"product-type-simple"},"jetpack_sharing_enabled":true,"_links":{"self":[{"href":"https:\/\/architecturalpress.org\/index.php\/wp-json\/wp\/v2\/product\/2113","targetHints":{"allow":["GET"]}}],"collection":[{"href":"https:\/\/architecturalpress.org\/index.php\/wp-json\/wp\/v2\/product"}],"about":[{"href":"https:\/\/architecturalpress.org\/index.php\/wp-json\/wp\/v2\/types\/product"}],"wp:featuredmedia":[{"embeddable":true,"href":"https:\/\/architecturalpress.org\/index.php\/wp-json\/wp\/v2\/media\/186"}],"wp:attachment":[{"href":"https:\/\/architecturalpress.org\/index.php\/wp-json\/wp\/v2\/media?parent=2113"}],"wp:term":[{"taxonomy":"product_brand","embeddable":true,"href":"https:\/\/architecturalpress.org\/index.php\/wp-json\/wp\/v2\/product_brand?post=2113"},{"taxonomy":"product_cat","embeddable":true,"href":"https:\/\/architecturalpress.org\/index.php\/wp-json\/wp\/v2\/product_cat?post=2113"},{"taxonomy":"product_tag","embeddable":true,"href":"https:\/\/architecturalpress.org\/index.php\/wp-json\/wp\/v2\/product_tag?post=2113"}],"curies":[{"name":"wp","href":"https:\/\/api.w.org\/{rel}","templated":true}]}}