{"id":2224,"date":"2020-10-04T17:34:38","date_gmt":"2020-10-04T15:34:38","guid":{"rendered":"https:\/\/architecturalpress.org\/?post_type=product&#038;p=2224"},"modified":"2023-12-26T10:37:38","modified_gmt":"2023-12-26T09:37:38","slug":"lettres-ouvertes-papier","status":"publish","type":"product","link":"https:\/\/architecturalpress.org\/index.php\/product\/lettres-ouvertes-papier\/","title":{"rendered":"Lettres  (ou)vertes [papier]"},"content":{"rendered":"\r\n\r\n\r\n<p>Comment des \u00e9tudiants bient\u00f4t dipl\u00f4m\u00e9s s\u2019emparent-ils de la question \u00e9cologique ? Qu\u2019ont-ils \u00e0 transmettre et \u00e0 proposer pour qu\u2019une place plus centrale soit faite \u00e0 cette question dans la formation d\u2019architecte? Dans la poursuite d\u2019un s\u00e9minaire depuis trois ans consacr\u00e9 \u00e0 l\u2019engagement g\u00e9n\u00e9rationnel, les lettres ouvertes qui composent ce recueil &#8211; r\u00e9dig\u00e9es par temps de covid-19 et de confinement &#8211; adressent leurs r\u00e9flexions aux aspirants architectes, interpellent la communaut\u00e9 des ENSA, ses institutions, ses enseignants, et t\u00e9moignent avec doute, sensibilit\u00e9 ou r\u00e9volte de l\u2019exp\u00e9rience de cinq ans d\u2019\u00e9tudes.<\/p>\r\n\r\n\r\n\r\n<p><em>Une publication du s\u00e9minaire du domaine d\u2019\u00e9tudes de master ALT de l&rsquo;Ecole nationale sup\u00e9rieure d\u2019architecture de Lyon Lyon, printemps 2020.\u00a0<br \/>Responsables de la publication : Sandra Fiori et Antonin Monnier <br \/>Conception graphique et r\u00e9alisation : Antonin Monnier <br \/>Illustration de couverture : Tainah Drummond-Ramos \/ Photographies int\u00e9rieures : Morgane Schunder <\/em><\/p>\r\n<p><em>D\u00e9p\u00f4t l\u00e9gal : septembre 2020 \/ <\/em><em>isbn : 978-2-490820-11-5 &#8211; ouvrage papier<\/em><\/p>\r\n<p><em>Auteurs :\u00a0Sandra FIORI ,\u00a0Antonin MONNIER ,\u00a0Alisone CHANET ,\u00a0No\u00e9mie PEREIRA ,\u00a0Romane PETIT ,\u00a0Julien RUBERT ,\u00a0Alice VERNEREY ,\u00a0Juliette WIERUSZEWSKI ,\u00a0No\u00e9mie MARCELLIN ,\u00a0Antoine SINTES ,\u00a0Mickael AHMAD ,\u00a0H\u00e9lo\u00efse DE LA TAILLE ,\u00a0M\u00e9gane RABU ,\u00a0Amandine COLIN ,\u00a0Caroline DEPEYRE ,\u00a0R\u00e9mi GALLO ,\u00a0Louis HAREL ,\u00a0Emma VAHL ,\u00a0Juliette JAUSSAUD ,\u00a0Romane LHOMME ,\u00a0Willy CARAMAN ,\u00a0Rapha\u00eblle DECLOITRE ,\u00a0Morgane SCHUNDER ,\u00a0Roberto CARRASCO VERISSIMO ,\u00a0Tainah DRUMMOND-RAMOS ,\u00a0Victor GASPARD ,\u00a0Amandine MARTIN-NAFTI ,\u00a0L\u00e9onie PACCARD ,\u00a0Nathan TEJERINA .<\/em><\/p>\r\n<blockquote>\r\n<p><strong>Vous pouvez acheter ce livre chez notre partenaire : <a href=\"http:\/\/boutique.archipel-librairie.fr\/archilib\/architecture\/recueil-de-projet\/sandra-fiori-et-antonin-monnier-lettres-ouvertes-9782490820115-v.html#!prettyPhoto\">Archipel Librairie<\/a> \u00a0\u00a0<\/strong><\/p>\r\n<\/blockquote>\r\n\r\n\r\n","protected":false},"excerpt":{"rendered":"<div class=\"page\" title=\"Page 250\">\n<div class=\"section\">\n<div class=\"layoutArea\">\n<div class=\"column\">\n<p>Quel est le fond d\u2019investissements qui, en 2018, anime les \u00e9tudiants et les implique, en architectes, dans le cours du monde ? Quels rapports \u00e0 l\u2019engagement entretiennent-ils ?<br \/>Sous forme d\u2019essais brefs, d\u2019articles de recherche et de contributions graphiques, les vingt six contributions s\u00e9lectionn\u00e9es dans ce recueil sont issues du s\u00e9minaire et de l\u2019atelier de projet du domaine d\u2019\u00e9tudes de master ALT de l\u2019ENSA Lyon. Plus encore que le contemporain, ALT assume l\u2019air du temps pour s\u2019en faire \u00e0 la fois l\u2019\u00e9cho et la critique. Sous cette m\u00e9t\u00e9o, ALT cherche \u00e0 faire \u00e9clore des parcours, des postures, des pratiques et des projets architecturaux singuliers. Cette multiplicit\u00e9 de singularit\u00e9s forme un collectif h\u00e9t\u00e9rog\u00e8ne voire dissonant, mais dont les visions simultan\u00e9es esquissent le portrait d\u2019\u00e9tudiant\u00b7e\u00b7s enfants des crises, du d\u00e9veloppement durable, du pavillonnaire, du num\u00e9rique, des r\u00e9seaux sociaux, du penser global et de l\u2019agir local &#8230;<\/p>\n<p><strong>Vous pouvez acheter ce livre chez notre partenaire : <a href=\"http:\/\/boutique.archipel-librairie.fr\/archilib\/architecture\/recueil-de-projet\/sandra-fiori-et-antonin-monnier-lettres-ouvertes-9782490820115-v.html#!prettyPhoto\">Archipel Librairie<\/a> \u00a0\u00a0<\/strong><\/p>\n<\/div>\n<\/div>\n<\/div>\n<\/div>\n","protected":false},"featured_media":2060,"template":"","meta":[],"product_brand":[],"product_cat":[49,33,46,18,39,50,35],"product_tag":[62,63,55],"class_list":{"0":"post-2224","1":"product","2":"type-product","3":"status-publish","4":"has-post-thumbnail","6":"product_cat-en-librairie","7":"product_cat-en-vente","8":"product_cat-pdf","9":"product_cat-pedagogique","10":"product_cat-seminaires","11":"product_cat-sur-le-site","12":"product_cat-travaux-pedagogiques","13":"product_tag-architecture","14":"product_tag-debat","15":"product_tag-professions","16":"product_shipping_class-envoi-postal","18":"first","19":"instock","20":"shipping-taxable","21":"purchasable","22":"product-type-simple"},"jetpack_sharing_enabled":true,"_links":{"self":[{"href":"https:\/\/architecturalpress.org\/index.php\/wp-json\/wp\/v2\/product\/2224","targetHints":{"allow":["GET"]}}],"collection":[{"href":"https:\/\/architecturalpress.org\/index.php\/wp-json\/wp\/v2\/product"}],"about":[{"href":"https:\/\/architecturalpress.org\/index.php\/wp-json\/wp\/v2\/types\/product"}],"wp:featuredmedia":[{"embeddable":true,"href":"https:\/\/architecturalpress.org\/index.php\/wp-json\/wp\/v2\/media\/2060"}],"wp:attachment":[{"href":"https:\/\/architecturalpress.org\/index.php\/wp-json\/wp\/v2\/media?parent=2224"}],"wp:term":[{"taxonomy":"product_brand","embeddable":true,"href":"https:\/\/architecturalpress.org\/index.php\/wp-json\/wp\/v2\/product_brand?post=2224"},{"taxonomy":"product_cat","embeddable":true,"href":"https:\/\/architecturalpress.org\/index.php\/wp-json\/wp\/v2\/product_cat?post=2224"},{"taxonomy":"product_tag","embeddable":true,"href":"https:\/\/architecturalpress.org\/index.php\/wp-json\/wp\/v2\/product_tag?post=2224"}],"curies":[{"name":"wp","href":"https:\/\/api.w.org\/{rel}","templated":true}]}}