{"id":2403,"date":"2021-10-06T22:24:15","date_gmt":"2021-10-06T20:24:15","guid":{"rendered":"https:\/\/architecturalpress.org\/?post_type=product&#038;p=2403"},"modified":"2024-07-09T16:02:00","modified_gmt":"2024-07-09T14:02:00","slug":"lhybridation-comme-ressource","status":"publish","type":"product","link":"https:\/\/architecturalpress.org\/index.php\/product\/lhybridation-comme-ressource\/","title":{"rendered":"L&rsquo;HYBRIDATION COMME RESSOURCE"},"content":{"rendered":"\r\n\r\n\r\n<p>Longtemps r\u00e9serv\u00e9 \u00e0 la biologie, le terme d&rsquo;hybridation \u00e9tend d\u00e9sormais son champs d&rsquo;application. Dans son acceptation contemporaine, l&rsquo;hybridation devient en effet un processus de cr\u00e9ation et de conception presque incontournable, capable d&rsquo;apporter des solutions dans un monde en constante mutation. La reconstruction des principes fondamentaux au profit de formes plus hybrides, \u00e0 laquelle notre \u00e9poque est d\u00e9sormais associ\u00e9e soul\u00e8ve alors une interrogation sur les mani\u00e8res dont on con\u00e7oit nos territoires et dont on les habite.\u00a0<br \/>Dans le cadre du s\u00e9minaire AMTH (architecture, m\u00e9tropoles et territoires habit\u00e9s) les \u00e9tudiants proposent d&rsquo;engager, au sein du m\u00eame ouvrage, une r\u00e9flexion autour des moyens de conception et des mani\u00e8res d&rsquo;habiter ces espaces nouveaux en mutation. L&rsquo;ouvrage se compose ainsi d&rsquo;un ensemble de contributions \u00e9tudiantes port\u00e9es sur les notions d&rsquo;usage, de fronti\u00e8re et de pratique, abord\u00e9es sour le prisme de l&rsquo;hybridation. Nous tenons \u00e0 remercier Elie Macaire, architecte et sociologue, Luc Gwiazdzinski, g\u00e9ographe et enseignant-chercheur, pour leur participation \u00e0 l&rsquo;\u00e9criture de la pr\u00e9face.\u00a0<\/p>\r\n\r\n\r\n\r\n<p><em>Une publication du s\u00e9minaire 2019-20 du domaine d\u2019\u00e9tudes de master AMTH de l&rsquo;Ecole nationale sup\u00e9rieure d\u2019architecture de Lyon Lyon.\u00a0<br \/>Responsables de la publication : Rovy Pessoa, Antoine Begel et Julie Cattant\u00a0<br \/>contributions graphiques :<\/em>\u00a0Anouk Bachelier, Noe\u0301mie Gratien, Oce\u0301ane Kling, Emanuela Ottieri, \u00a0Gae\u0308lle Privat, Victoria Rognard.\u00a0<\/p>\r\n<p><i>D\u00e9p\u00f4t l\u00e9gal :\u00a0octobre 2021 \/ <\/i><em>isbn :\u00a0<\/em>9782490820153<\/p>\r\n<p><em> &#8211; distribution num\u00e9rique gratuite &#8211;<\/em><\/p>\r\n<p><em>Auteurs :\u00a0<\/em><i>ABBADIE Mallaury, BOUCHARD Bertille, BOUR Chlo\u00e9, COSSAIS Estelle, DANTCIKIAN Romane, DESCHAMPS Sorenza, DUPLANIL Emma, ENIONA Natacha, FIERIMONTE Rudy, GONTHIER Aur\u00e9lie, IELISSOF Sarah, LEFEVRE Elisa, MAS Chlo\u00e9, MOSKALYUK Evgenia, MOUREY Willy, RAIMBAULT Johanna, RODRIGUES de M. W. Yuri, TRICHET Landry, VUILLERMET Julie BUE Clemence, CAPRON Sol\u00e9na, CARTIER Adrien, CHEVALIER Antoine, DELORME Agathe, FANDINO Ugo, GACHET Fanny, GALLIOT L\u00e9o, GERARDI Rapha\u00ebl, JOUCLA Thibault, MALGOYRE Charlotte, MOLES-ROTA Marine, NGUYEN Huynh Nhi, RENER Sarah, SOURISSE Guillaume, BACHELIER Anouk, GRATIEN No\u00e9mie, KLING Oc\u00e9ane, OTTIERI Emanuela, PRIVAT Ga\u00eblle, ROGNARD Victoria MACAIRE Elise et GWIADZINSKI Luc.<span class=\"Apple-converted-space\">\u00a0<\/span><\/i><\/p>\r\n<p><em>.<\/em><\/p>\r\n\r\n\r\n","protected":false},"excerpt":{"rendered":"<div class=\"page\" title=\"Page 250\">\n<div class=\"section\">\n<div class=\"layoutArea\">\n<div class=\"column\">\n<p>Dans le cadre du s\u00e9minaire AMTH (architecture, m\u00e9tropoles et territoires habit\u00e9s) les \u00e9tudiants proposent d&rsquo;engager, au sein du m\u00eame ouvrage, une r\u00e9flexion autour des moyens de conception et des mani\u00e8res d&rsquo;habiter ces espaces nouveaux en mutation. L&rsquo;ouvrage se compose ainsi d&rsquo;un ensemble de contributions \u00e9tudiantes port\u00e9es sur les notions d&rsquo;usage, de fronti\u00e8re et de pratique, abord\u00e9es sour le prisme de l&rsquo;hybridation. Nous tenons \u00e0 remercier Elie Macaire, architecte et sociologue, Luc Gwiazdzinski, g\u00e9ographe et enseignant-chercheur, pour leur participation \u00e0 l&rsquo;\u00e9criture de la pr\u00e9face.\u00a0<\/p>\n<p>&nbsp;<\/p>\n<\/div>\n<\/div>\n<\/div>\n<\/div>\n","protected":false},"featured_media":2406,"template":"","meta":[],"product_brand":[],"product_cat":[32,46,18,39,50,44,35],"product_tag":[62,63,55],"class_list":{"0":"post-2403","1":"product","2":"type-product","3":"status-publish","4":"has-post-thumbnail","6":"product_cat-gratuit","7":"product_cat-pdf","8":"product_cat-pedagogique","9":"product_cat-seminaires","10":"product_cat-sur-le-site","11":"product_cat-telechargeable","12":"product_cat-travaux-pedagogiques","13":"product_tag-architecture","14":"product_tag-debat","15":"product_tag-professions","16":"product_shipping_class-telechargement","18":"first","19":"instock","20":"downloadable","21":"virtual","22":"purchasable","23":"product-type-simple"},"jetpack_sharing_enabled":true,"_links":{"self":[{"href":"https:\/\/architecturalpress.org\/index.php\/wp-json\/wp\/v2\/product\/2403","targetHints":{"allow":["GET"]}}],"collection":[{"href":"https:\/\/architecturalpress.org\/index.php\/wp-json\/wp\/v2\/product"}],"about":[{"href":"https:\/\/architecturalpress.org\/index.php\/wp-json\/wp\/v2\/types\/product"}],"wp:featuredmedia":[{"embeddable":true,"href":"https:\/\/architecturalpress.org\/index.php\/wp-json\/wp\/v2\/media\/2406"}],"wp:attachment":[{"href":"https:\/\/architecturalpress.org\/index.php\/wp-json\/wp\/v2\/media?parent=2403"}],"wp:term":[{"taxonomy":"product_brand","embeddable":true,"href":"https:\/\/architecturalpress.org\/index.php\/wp-json\/wp\/v2\/product_brand?post=2403"},{"taxonomy":"product_cat","embeddable":true,"href":"https:\/\/architecturalpress.org\/index.php\/wp-json\/wp\/v2\/product_cat?post=2403"},{"taxonomy":"product_tag","embeddable":true,"href":"https:\/\/architecturalpress.org\/index.php\/wp-json\/wp\/v2\/product_tag?post=2403"}],"curies":[{"name":"wp","href":"https:\/\/api.w.org\/{rel}","templated":true}]}}