{"id":2669,"date":"2023-02-08T17:36:10","date_gmt":"2023-02-08T16:36:10","guid":{"rendered":"https:\/\/architecturalpress.org\/?post_type=product&#038;p=2669"},"modified":"2024-09-26T10:19:19","modified_gmt":"2024-09-26T08:19:19","slug":"le-diagnostic-dimension-operatoire","status":"publish","type":"product","link":"https:\/\/architecturalpress.org\/index.php\/product\/le-diagnostic-dimension-operatoire\/","title":{"rendered":"LE DIAGNOSTIC, DIMENSION OP\u00c9RATOIRE"},"content":{"rendered":"\r\n\r\n\r\n<p><strong>Actes du 5e\u00a0s\u00e9minaire du r\u00e9seau Architecture, Patrimoine et Cr\u00e9ation<\/strong><\/p>\r\n<p>\u00c9cole nationale sup\u00e9rieure d\u2019architecture de Toulouse, 11 et 12 avril 2019\u00a0<br \/><em>Sous la direction de\u00a0Fran\u00e7oise Blanc et de Nathalie Prat<\/em><\/p>\r\n<p>LE DIAGNOSTIC, DIMENSION OP\u00c9RATOIRE,\u00a0<em>histoire, technique et projet<\/em><\/p>\r\n<p>Le 5e s\u00e9minaire du r\u00e9seau p\u00e9dagogique et scientifique \u00abArchitecture, patrimoine et cr\u00e9ation\u00bb s&rsquo;est tenu les 11 et 12 avril 2019 \u00e0 l&rsquo;\u00c9cole nationale sup\u00e9rieure d&rsquo;architecture de Toulouse. Les interventions et d\u00e9bats ont abord\u00e9 ce moment particulier, pr\u00e9alable \u00e0 l&rsquo;intervention sur l&rsquo;existant, le diagnostic qui y est envisag\u00e9 dans sa dimension op\u00e9ratoire autour des composantes que sont l&rsquo;histoire, la technique et le projet.<\/p>\r\n<p>Les exp\u00e9riences p\u00e9dagogiques et les prospectives scientifiques pr\u00e9sent\u00e9es ici donnent \u00e0 voir la diversit\u00e9 et la richesse des approches, d\u00e9montrant l&rsquo;essentielle n\u00e9cessit\u00e9 du diagnostic comme pr\u00e9alable fondateur au projet.<\/p>\r\n\r\n\r\n\r\n<p><em>Une publication du r\u00e9seau scientifique et p\u00e9dagogique ARCHITECTURE, PATRIMOINE ET CREATION.\u00a0<br \/>Sous la direction de\u00a0Fran\u00e7oise Blanc et de Nathalie Prat<\/em><\/p>\r\n<p>avec les contributions de : Nathalie PRAT, Fran\u00e7oise BLANC, Giovani BATTISTA COCCO, Audrey COURBEBAISSE, Philippe DUFIEUX, Vanessa FERNANDEZ, Florian FAURISSON, Th\u00e9o FORT-JACQUES, Emmanuelle GANGLOFF, Marie-Agn\u00e8s GILOT, Claudine HOUBART, Bastien LEFBVRE, Donato SEVERO, S\u00e9verine STEENHUYSE, Marie-Am\u00e9lie TEK, Pol VENDEVILLE, Dominique VIGIER.<\/p>\r\n<p><em>D\u00e9p\u00f4t l\u00e9gal : d\u00e9cembre 2022 \/ <\/em><em>isbn : 9782490820207\u00a0<\/em><\/p>\r\n\r\n\r\n","protected":false},"excerpt":{"rendered":"<div class=\"page\" title=\"Page 250\">\n<div class=\"section\">\n<div class=\"layoutArea\">\n<div class=\"column\">\n<p><!-- wp:paragraph --><\/p>\n<p>LE DIAGNOSTIC, DIMENSION OP\u00c9RATOIRE,\u00a0<em>histoire, technique et projet<\/em><\/p>\n<p><strong>Actes du 5e\u00a0s\u00e9minaire du r\u00e9seau Architecture, Patrimoine et Cr\u00e9ation<\/strong><\/p>\n<p>\u00c9cole nationale sup\u00e9rieure d\u2019architecture de Toulouse, \u00a011 et 12 avril 2019\u00a0<br \/><em>Sous la direction de\u00a0Fran\u00e7oise Blanc et de Nathalie Prat<\/em><\/p>\n<\/div>\n<\/div>\n<\/div>\n<\/div>\n","protected":false},"featured_media":2670,"template":"","meta":[],"product_brand":[],"product_cat":[38,49,33,34,39],"product_tag":[],"class_list":{"0":"post-2669","1":"product","2":"type-product","3":"status-publish","4":"has-post-thumbnail","6":"product_cat-actes","7":"product_cat-en-librairie","8":"product_cat-en-vente","9":"product_cat-recherche","10":"product_cat-seminaires","11":"product_shipping_class-envoi-postal","13":"first","14":"instock","15":"shipping-taxable","16":"purchasable","17":"product-type-simple"},"jetpack_sharing_enabled":true,"_links":{"self":[{"href":"https:\/\/architecturalpress.org\/index.php\/wp-json\/wp\/v2\/product\/2669","targetHints":{"allow":["GET"]}}],"collection":[{"href":"https:\/\/architecturalpress.org\/index.php\/wp-json\/wp\/v2\/product"}],"about":[{"href":"https:\/\/architecturalpress.org\/index.php\/wp-json\/wp\/v2\/types\/product"}],"wp:featuredmedia":[{"embeddable":true,"href":"https:\/\/architecturalpress.org\/index.php\/wp-json\/wp\/v2\/media\/2670"}],"wp:attachment":[{"href":"https:\/\/architecturalpress.org\/index.php\/wp-json\/wp\/v2\/media?parent=2669"}],"wp:term":[{"taxonomy":"product_brand","embeddable":true,"href":"https:\/\/architecturalpress.org\/index.php\/wp-json\/wp\/v2\/product_brand?post=2669"},{"taxonomy":"product_cat","embeddable":true,"href":"https:\/\/architecturalpress.org\/index.php\/wp-json\/wp\/v2\/product_cat?post=2669"},{"taxonomy":"product_tag","embeddable":true,"href":"https:\/\/architecturalpress.org\/index.php\/wp-json\/wp\/v2\/product_tag?post=2669"}],"curies":[{"name":"wp","href":"https:\/\/api.w.org\/{rel}","templated":true}]}}

LE DIAGNOSTIC, DIMENSION OPÉRATOIRE

<p><strong>Actes du 5e séminaire du réseau Architecture, Patrimoine et Création</strong></p>
<p>École nationale supérieure d’architecture de Toulouse, 11 et 12 avril 2019 <br /><em>Sous la direction de Françoise Blanc et de Nathalie Prat</em></p>
<p>LE DIAGNOSTIC, DIMENSION OPÉRATOIRE, <em>histoire, technique et projet</em></p>
<p>Le 5e séminaire du réseau pédagogique et scientifique «Architecture, patrimoine et création» s&rsquo;est tenu les 11 et 12 avril 2019 à l&rsquo;École nationale supérieure d&rsquo;architecture de Toulouse. Les interventions et débats ont abordé ce moment particulier, préalable à l&rsquo;intervention sur l&rsquo;existant, le diagnostic qui y est envisagé dans sa dimension opératoire autour des composantes que sont l&rsquo;histoire, la technique et le projet.</p>
<p>Les expériences pédagogiques et les prospectives scientifiques présentées ici donnent à voir la diversité et la richesse des approches, démontrant l&rsquo;essentielle nécessité du diagnostic comme préalable fondateur au projet.</p>



<p><em>Une publication du réseau scientifique et pédagogique ARCHITECTURE, PATRIMOINE ET CREATION. <br />Sous la direction de Françoise Blanc et de Nathalie Prat</em></p>
<p>avec les contributions de : Nathalie PRAT, Françoise BLANC, Giovani BATTISTA COCCO, Audrey COURBEBAISSE, Philippe DUFIEUX, Vanessa FERNANDEZ, Florian FAURISSON, Théo FORT-JACQUES, Emmanuelle GANGLOFF, Marie-Agnès GILOT, Claudine HOUBART, Bastien LEFBVRE, Donato SEVERO, Séverine STEENHUYSE, Marie-Amélie TEK, Pol VENDEVILLE, Dominique VIGIER.</p>
<p><em>Dépôt légal : décembre 2022 / </em><em>isbn : 9782490820207 </em></p>

<div class="page" title="Page 250">
<div class="section">
<div class="layoutArea">
<div class="column">
<p><!-- wp:paragraph --></p>
<p>LE DIAGNOSTIC, DIMENSION OPÉRATOIRE, <em>histoire, technique et projet</em></p>
<p><strong>Actes du 5e séminaire du réseau Architecture, Patrimoine et Création</strong></p>
<p>École nationale supérieure d’architecture de Toulouse,  11 et 12 avril 2019 <br /><em>Sous la direction de Françoise Blanc et de Nathalie Prat</em></p>
</div>
</div>
</div>
</div>
