{"id":2835,"date":"2023-07-30T19:32:59","date_gmt":"2023-07-30T17:32:59","guid":{"rendered":"https:\/\/architecturalpress.org\/?post_type=product&#038;p=2835"},"modified":"2024-09-26T10:19:29","modified_gmt":"2024-09-26T08:19:29","slug":"revisiter-le-batiment-de-lensal-rendre-visible-le-travail-de-sa-maintenance","status":"publish","type":"product","link":"https:\/\/architecturalpress.org\/index.php\/product\/revisiter-le-batiment-de-lensal-rendre-visible-le-travail-de-sa-maintenance\/","title":{"rendered":"REVISITER LE B\u00c2TIMENT DE L\u2019ENSAL, rendre visible le travail de sa maintenance"},"content":{"rendered":"\r\n\r\n\r\n<p>REVISITER LE B\u00c2TIMENT\u00a0DE L\u2019ENSAL <br \/>rendre visible\u00a0le travail de sa maintenance<\/p>\r\n<p>Que pouvons-nous apprendre d\u2019une architecture manifeste en s\u2019int\u00e9ressant au travail ordinaire que suppose sa maintenance\u00a0?<span class=\"Apple-converted-space\">\u00a0<br \/><\/span>Au printemps 2023, dans un contexte marqu\u00e9 par le mouvement \u00ab\u00a0Ensa en luttes\u00a0\u00bb, les \u00e9tudiant.e.s du s\u00e9minaire \u00ab\u00a0Enqu\u00eater sur la vie des objets architecturaux et urbains\u00a0\u00bb (Ensa Lyon, Domaine d\u2019\u00e9tude de master ALT) m\u00e8nent une s\u00e9rie de micro-enqu\u00eates sur la maintenance du b\u00e2timent de l\u2019Ensa Lyon, con\u00e7u par Fran\u00e7oise-H\u00e9l\u00e8ne Jourda et Gilles Perraudin. Des syst\u00e8mes de ventilation aux voiles de protection contre le soleil, de la pr\u00e9vention des fuites d\u2019eau au nettoyage des ateliers, ce recueil en restitue un portrait, esquiss\u00e9 depuis ses coulisses techniques et du point de vue du travail que suppose son entretien.<br \/>Revisitant le b\u00e2timent, suivant les pas et les gestes de celles et ceux qui en assurent le fonctionnement, les \u00e9tudiant.e.s d\u00e9crivent une architecture socio-technique, o\u00f9 s\u2019hybrident dispositifs high-tech et gestes low tech, o\u00f9 se r\u00e9v\u00e8lent les vuln\u00e9rabilit\u00e9s de l\u2019\u00e9difice au prisme de l\u2019obsolescence conjugu\u00e9e \u00e0 l\u2019\u00e9preuve des transitions \u00e9cologiques. In fine, c\u2019est aussi la mani\u00e8re dont l\u2019architecte peut s\u2019emparer de l\u2019enjeu de \u00ab\u00a0prendre soin\u00a0\u00bb des espaces qui est ici questionn\u00e9e.<\/p>\r\n<p><span class=\"Apple-converted-space\"><i>coordination de l\u2019ouvrage : <\/i><\/span>Sandra FIORI et Th\u00e9o FORT-JACQUES, enseignants-chercheurs<\/p>\r\n<p><em>auteurs :\u00a0<\/em>Andrea ARELLANO, Pierre BAVOILLOT, Elo\u00efse BEDOK, Arnaud BERENGHIER, Laetitia BERTHOU, Lamiae BOULEJIOUCH, Adrien DAUDIN, Morgane LAZZARON, Juan Galo LEGUIZAMON, Sacha LORTON, Elisa MAGATON, Benjamin MAZOYER, Edoardo OPERTI, Honorine SALOM\u00c9, Giulia ZAFFONATO<\/p>\r\n<p><em>d\u00e9p\u00f4t l\u00e9gal<\/em> : Juillet 2023<\/p>\r\n<p><em>ISBN :<\/em> 9782490820238 <span class=\"Apple-converted-space\">\u00a0<\/span><\/p>\r\n\r\n\r\n","protected":false},"excerpt":{"rendered":"<div class=\"page\" title=\"Page 250\">\n<div class=\"section\">\n<div class=\"layoutArea\">\n<div class=\"column\">\n<p>REVISITER LE B\u00c2TIMENT DE L\u2019ENSAL , rendre visible\u00a0le travail de sa maintenance<\/p>\n<p>Que pouvons-nous apprendre d\u2019une architecture manifeste en s\u2019int\u00e9ressant au travail ordinaire que suppose sa maintenance\u00a0?<span class=\"Apple-converted-space\">\u00a0<br \/><\/span>Au printemps 2023, dans un contexte marqu\u00e9 par le mouvement \u00ab Ensa en luttes \u00bb, les \u00e9tudiant.e.s du s\u00e9minaire \u00ab Enqu\u00eater sur la vie des objets architecturaux et urbains \u00bb (Ensa Lyon, Domaine d\u2019\u00e9tude de master ALT) m\u00e8nent une s\u00e9rie de micro-enqu\u00eates sur la maintenance du b\u00e2timent de l\u2019Ensa Lyon, con\u00e7u par Fran\u00e7oise-H\u00e9l\u00e8ne Jourda et Gilles Perraudin. Des syst\u00e8mes de ventilation aux voiles de protection contre le soleil, de la pr\u00e9vention des fuites d\u2019eau au nettoyage des ateliers, ce recueil en restitue un portrait, esquiss\u00e9 depuis ses coulisses techniques et du point de vue du travail que suppose son entretien&#8230;<\/p>\n<\/div>\n<\/div>\n<\/div>\n<\/div>\n","protected":false},"featured_media":2836,"template":"","meta":[],"product_brand":[],"product_cat":[32,46,18,34,39,50,44,35],"product_tag":[62,63,55,53],"class_list":{"0":"post-2835","1":"product","2":"type-product","3":"status-publish","4":"has-post-thumbnail","6":"product_cat-gratuit","7":"product_cat-pdf","8":"product_cat-pedagogique","9":"product_cat-recherche","10":"product_cat-seminaires","11":"product_cat-sur-le-site","12":"product_cat-telechargeable","13":"product_cat-travaux-pedagogiques","14":"product_tag-architecture","15":"product_tag-debat","16":"product_tag-professions","17":"product_tag-urbanisme","18":"product_shipping_class-telechargement","20":"first","21":"instock","22":"downloadable","23":"virtual","24":"purchasable","25":"product-type-simple"},"jetpack_sharing_enabled":true,"_links":{"self":[{"href":"https:\/\/architecturalpress.org\/index.php\/wp-json\/wp\/v2\/product\/2835","targetHints":{"allow":["GET"]}}],"collection":[{"href":"https:\/\/architecturalpress.org\/index.php\/wp-json\/wp\/v2\/product"}],"about":[{"href":"https:\/\/architecturalpress.org\/index.php\/wp-json\/wp\/v2\/types\/product"}],"wp:featuredmedia":[{"embeddable":true,"href":"https:\/\/architecturalpress.org\/index.php\/wp-json\/wp\/v2\/media\/2836"}],"wp:attachment":[{"href":"https:\/\/architecturalpress.org\/index.php\/wp-json\/wp\/v2\/media?parent=2835"}],"wp:term":[{"taxonomy":"product_brand","embeddable":true,"href":"https:\/\/architecturalpress.org\/index.php\/wp-json\/wp\/v2\/product_brand?post=2835"},{"taxonomy":"product_cat","embeddable":true,"href":"https:\/\/architecturalpress.org\/index.php\/wp-json\/wp\/v2\/product_cat?post=2835"},{"taxonomy":"product_tag","embeddable":true,"href":"https:\/\/architecturalpress.org\/index.php\/wp-json\/wp\/v2\/product_tag?post=2835"}],"curies":[{"name":"wp","href":"https:\/\/api.w.org\/{rel}","templated":true}]}}

REVISITER LE BÂTIMENT DE L’ENSAL, rendre visible le travail de sa maintenance

<p>REVISITER LE BÂTIMENT DE L’ENSAL <br />rendre visible le travail de sa maintenance</p>
<p>Que pouvons-nous apprendre d’une architecture manifeste en s’intéressant au travail ordinaire que suppose sa maintenance ?<span class="Apple-converted-space"> <br /></span>Au printemps 2023, dans un contexte marqué par le mouvement « Ensa en luttes », les étudiant.e.s du séminaire « Enquêter sur la vie des objets architecturaux et urbains » (Ensa Lyon, Domaine d’étude de master ALT) mènent une série de micro-enquêtes sur la maintenance du bâtiment de l’Ensa Lyon, conçu par Françoise-Hélène Jourda et Gilles Perraudin. Des systèmes de ventilation aux voiles de protection contre le soleil, de la prévention des fuites d’eau au nettoyage des ateliers, ce recueil en restitue un portrait, esquissé depuis ses coulisses techniques et du point de vue du travail que suppose son entretien.<br />Revisitant le bâtiment, suivant les pas et les gestes de celles et ceux qui en assurent le fonctionnement, les étudiant.e.s décrivent une architecture socio-technique, où s’hybrident dispositifs high-tech et gestes low tech, où se révèlent les vulnérabilités de l’édifice au prisme de l’obsolescence conjuguée à l’épreuve des transitions écologiques. In fine, c’est aussi la manière dont l’architecte peut s’emparer de l’enjeu de « prendre soin » des espaces qui est ici questionnée.</p>
<p><span class="Apple-converted-space"><i>coordination de l’ouvrage : </i></span>Sandra FIORI et Théo FORT-JACQUES, enseignants-chercheurs</p>
<p><em>auteurs : </em>Andrea ARELLANO, Pierre BAVOILLOT, Eloïse BEDOK, Arnaud BERENGHIER, Laetitia BERTHOU, Lamiae BOULEJIOUCH, Adrien DAUDIN, Morgane LAZZARON, Juan Galo LEGUIZAMON, Sacha LORTON, Elisa MAGATON, Benjamin MAZOYER, Edoardo OPERTI, Honorine SALOMÉ, Giulia ZAFFONATO</p>
<p><em>dépôt légal</em> : Juillet 2023</p>
<p><em>ISBN :</em> 9782490820238 <span class="Apple-converted-space"> </span></p>

<div class="page" title="Page 250">
<div class="section">
<div class="layoutArea">
<div class="column">
<p>REVISITER LE BÂTIMENT DE L’ENSAL , rendre visible le travail de sa maintenance</p>
<p>Que pouvons-nous apprendre d’une architecture manifeste en s’intéressant au travail ordinaire que suppose sa maintenance ?<span class="Apple-converted-space"> <br /></span>Au printemps 2023, dans un contexte marqué par le mouvement « Ensa en luttes », les étudiant.e.s du séminaire « Enquêter sur la vie des objets architecturaux et urbains » (Ensa Lyon, Domaine d’étude de master ALT) mènent une série de micro-enquêtes sur la maintenance du bâtiment de l’Ensa Lyon, conçu par Françoise-Hélène Jourda et Gilles Perraudin. Des systèmes de ventilation aux voiles de protection contre le soleil, de la prévention des fuites d’eau au nettoyage des ateliers, ce recueil en restitue un portrait, esquissé depuis ses coulisses techniques et du point de vue du travail que suppose son entretien&#8230;</p>
</div>
</div>
</div>
</div>
