{"id":2898,"date":"2024-01-10T14:42:00","date_gmt":"2024-01-10T13:42:00","guid":{"rendered":"https:\/\/architecturalpress.org\/?post_type=product&#038;p=2898"},"modified":"2025-12-01T10:47:10","modified_gmt":"2025-12-01T09:47:10","slug":"heritage-architectural-et-mutations-environnementales","status":"publish","type":"product","link":"https:\/\/architecturalpress.org\/index.php\/product\/heritage-architectural-et-mutations-environnementales\/","title":{"rendered":"H\u00e9ritage architectural et mutations environnementales"},"content":{"rendered":"\r\n\r\n\r\n<p><strong>Actes du 6e s\u00e9minaire du r\u00e9seau Architecture, Patrimoine et Cr\u00e9ation<br \/><\/strong>\u00c9cole nationale sup\u00e9rieure d\u2019architecture de Paris-Val de Seine, 12 et 13 mai 2022\u00a0<br \/><em>Sous la direction de Gilles-Antoine Langlois, \u00c9tienne L\u00e9na, Christel Palant.<\/em><\/p>\r\n<p><strong>H\u00c9RITAGE\u00a0ARCHITECTURAL\u00a0et MUTATIONS ENVIRONNEMENTALES : typologies, repr\u00e9sentations, transitions<\/strong><\/p>\r\n<p>Le 6\u00aa s\u00e9minaire du r\u00e9seau p\u00e9dagogique et scientifique \u00ab Architecture, patrimoine et cr\u00e9ation \u00bb s&rsquo;est tenu les 12 et 13 mai 2022 \u00e0 l&rsquo;\u00c9cole nationale sup\u00e9rieure d&rsquo;architecture de Paris-Val de Seine.<br \/>Les discours, publications, \u00e9tudes, formations s&rsquo;int\u00e9ressant \u00e0 une architecture \u00ab \u00e9cologique \u00bb sont aujourd&rsquo;hui extr\u00eamement nombreuses.\u00a0Cependant l&rsquo;immense majorit\u00e9 d&rsquo;entre elles ne s&rsquo;appliquent pas au temps long et au patrimoine architectural existant. Et quand c&rsquo;est le cas, le sujet porte le plus g\u00e9n\u00e9ralement sur la production architecturale et urbaine d&rsquo;apr\u00e8s 1945. Nous souhaitions \u00e9largir cette pr\u00e9occupation \u00e0 d&rsquo;autres p\u00e9riodes, aux architectures ordinaires et vernaculaires, inscrivant les travaux du colloque dans une histoire environnementale de l&rsquo;architecture, de l&rsquo;urbain et du paysage. Cette histoire urbano-envi-ronnementale pose de fait \u00e0 l&rsquo;architecte, \u00e0 l&rsquo;urbaniste et au paysagiste de nombreuses questions, \u00e0 commencer par celle d&rsquo;un \u00e9largissement potentiel de la notion de patrimoine.<\/p>\r\n\r\n\r\n\r\n<p><em>Une publication du r\u00e9seau scientifique et p\u00e9dagogique ARCHITECTURE, PATRIMOINE ET CREATION.\u00a0<br \/>Sous la direction de Gilles-Antoine Langlois, \u00c9tienne L\u00e9na, Christel Palant.<\/em><\/p>\r\n<p><em>\u00a0<\/em><\/p>\r\n<p>avec les contributions de : Gilles-Antoine LANGLOIS, Benjamin CHAVARDES, Fr\u00e9d\u00e9ric DELLINGER, Armelle VARCIN, B\u00e9r\u00e9nice GAUSSUIN, S\u00e9bastien RADOUAN, Arthur GRIZARD, Pascal AMPHOUX, Delphine VOMSCHEID, Maureen CERTAIN, Tifawt LOUDAOUI, Antoine PERRAU, Fran\u00e7ois GARDE, Richard HYDE, Christel MARCHIARO, Chiara SILVESTRI, Camille BIDAUD, Lorenzo DIEZ, Katya SAMARDZIC.<\/p>\r\n<p><em>D\u00e9p\u00f4t l\u00e9gal : d\u00e9cembre 2023 \/ <\/em><em>isbn :\u00a0<\/em>9782490820276<\/p>\r\n<p><em>\u00a0<\/em><\/p>\r\n\r\n\r\n","protected":false},"excerpt":{"rendered":"<div class=\"page\" title=\"Page 250\">\n<div class=\"section\">\n<div class=\"layoutArea\">\n<div class=\"column\">\n<p><!-- wp:paragraph --><\/p>\n<p><strong>H\u00c9RITAGE\u00a0ARCHITECTURAL\u00a0et MUTATIONS ENVIRONNEMENTALES : typologies, repr\u00e9sentations, transitions<\/strong><\/p>\n<p><strong>Actes du 6e s\u00e9minaire du r\u00e9seau Architecture, Patrimoine et Cr\u00e9ation<br \/><\/strong>\u00c9cole nationale sup\u00e9rieure d\u2019architecture de Paris-Val de Seine, 12 et 13 mai 2022\u00a0<br \/><em>Sous la direction de Gilles-Antoine Langlois, \u00c9tienne L\u00e9na, Christel Palant.<\/em><\/p>\n<\/div>\n<\/div>\n<\/div>\n<\/div>\n","protected":false},"featured_media":2899,"template":"","meta":[],"product_brand":[],"product_cat":[38,49,33,34,39],"product_tag":[],"class_list":{"0":"post-2898","1":"product","2":"type-product","3":"status-publish","4":"has-post-thumbnail","6":"product_cat-actes","7":"product_cat-en-librairie","8":"product_cat-en-vente","9":"product_cat-recherche","10":"product_cat-seminaires","11":"product_shipping_class-envoi-postal","13":"first","14":"instock","15":"sold-individually","16":"shipping-taxable","17":"purchasable","18":"product-type-simple"},"jetpack_sharing_enabled":true,"_links":{"self":[{"href":"https:\/\/architecturalpress.org\/index.php\/wp-json\/wp\/v2\/product\/2898","targetHints":{"allow":["GET"]}}],"collection":[{"href":"https:\/\/architecturalpress.org\/index.php\/wp-json\/wp\/v2\/product"}],"about":[{"href":"https:\/\/architecturalpress.org\/index.php\/wp-json\/wp\/v2\/types\/product"}],"wp:featuredmedia":[{"embeddable":true,"href":"https:\/\/architecturalpress.org\/index.php\/wp-json\/wp\/v2\/media\/2899"}],"wp:attachment":[{"href":"https:\/\/architecturalpress.org\/index.php\/wp-json\/wp\/v2\/media?parent=2898"}],"wp:term":[{"taxonomy":"product_brand","embeddable":true,"href":"https:\/\/architecturalpress.org\/index.php\/wp-json\/wp\/v2\/product_brand?post=2898"},{"taxonomy":"product_cat","embeddable":true,"href":"https:\/\/architecturalpress.org\/index.php\/wp-json\/wp\/v2\/product_cat?post=2898"},{"taxonomy":"product_tag","embeddable":true,"href":"https:\/\/architecturalpress.org\/index.php\/wp-json\/wp\/v2\/product_tag?post=2898"}],"curies":[{"name":"wp","href":"https:\/\/api.w.org\/{rel}","templated":true}]}}

Héritage architectural et mutations environnementales

<p><strong>Actes du 6e séminaire du réseau Architecture, Patrimoine et Création<br /></strong>École nationale supérieure d’architecture de Paris-Val de Seine, 12 et 13 mai 2022 <br /><em>Sous la direction de Gilles-Antoine Langlois, Étienne Léna, Christel Palant.</em></p>
<p><strong>HÉRITAGE ARCHITECTURAL et MUTATIONS ENVIRONNEMENTALES : typologies, représentations, transitions</strong></p>
<p>Le 6ª séminaire du réseau pédagogique et scientifique « Architecture, patrimoine et création » s&rsquo;est tenu les 12 et 13 mai 2022 à l&rsquo;École nationale supérieure d&rsquo;architecture de Paris-Val de Seine.<br />Les discours, publications, études, formations s&rsquo;intéressant à une architecture « écologique » sont aujourd&rsquo;hui extrêmement nombreuses. Cependant l&rsquo;immense majorité d&rsquo;entre elles ne s&rsquo;appliquent pas au temps long et au patrimoine architectural existant. Et quand c&rsquo;est le cas, le sujet porte le plus généralement sur la production architecturale et urbaine d&rsquo;après 1945. Nous souhaitions élargir cette préoccupation à d&rsquo;autres périodes, aux architectures ordinaires et vernaculaires, inscrivant les travaux du colloque dans une histoire environnementale de l&rsquo;architecture, de l&rsquo;urbain et du paysage. Cette histoire urbano-envi-ronnementale pose de fait à l&rsquo;architecte, à l&rsquo;urbaniste et au paysagiste de nombreuses questions, à commencer par celle d&rsquo;un élargissement potentiel de la notion de patrimoine.</p>



<p><em>Une publication du réseau scientifique et pédagogique ARCHITECTURE, PATRIMOINE ET CREATION. <br />Sous la direction de Gilles-Antoine Langlois, Étienne Léna, Christel Palant.</em></p>
<p><em> </em></p>
<p>avec les contributions de : Gilles-Antoine LANGLOIS, Benjamin CHAVARDES, Frédéric DELLINGER, Armelle VARCIN, Bérénice GAUSSUIN, Sébastien RADOUAN, Arthur GRIZARD, Pascal AMPHOUX, Delphine VOMSCHEID, Maureen CERTAIN, Tifawt LOUDAOUI, Antoine PERRAU, François GARDE, Richard HYDE, Christel MARCHIARO, Chiara SILVESTRI, Camille BIDAUD, Lorenzo DIEZ, Katya SAMARDZIC.</p>
<p><em>Dépôt légal : décembre 2023 / </em><em>isbn : </em>9782490820276</p>
<p><em> </em></p>

<div class="page" title="Page 250">
<div class="section">
<div class="layoutArea">
<div class="column">
<p><!-- wp:paragraph --></p>
<p><strong>HÉRITAGE ARCHITECTURAL et MUTATIONS ENVIRONNEMENTALES : typologies, représentations, transitions</strong></p>
<p><strong>Actes du 6e séminaire du réseau Architecture, Patrimoine et Création<br /></strong>École nationale supérieure d’architecture de Paris-Val de Seine, 12 et 13 mai 2022 <br /><em>Sous la direction de Gilles-Antoine Langlois, Étienne Léna, Christel Palant.</em></p>
</div>
</div>
</div>
</div>
