{"id":3131,"date":"2024-10-25T02:36:54","date_gmt":"2024-10-25T00:36:54","guid":{"rendered":"https:\/\/architecturalpress.org\/?post_type=product&#038;p=3131"},"modified":"2025-12-01T10:46:31","modified_gmt":"2025-12-01T09:46:31","slug":"les-limites-comme-ressource-agir-dans-un-monde-fini","status":"publish","type":"product","link":"https:\/\/architecturalpress.org\/index.php\/product\/les-limites-comme-ressource-agir-dans-un-monde-fini\/","title":{"rendered":"Les limites comme ressource, agir dans un monde fini ?"},"content":{"rendered":"\r\n\r\n\r\n<p>\u00ab Le monde fini commence \u00bb, d\u00e9clare Paul Val\u00e9ry en 1931. Son \u201cpessimisme\u201d pla\u00eet, choque, pr\u00e9occupe ses contemporains. C\u2019\u00e9tait il y a bient\u00f4t un si\u00e8cle. Le monde fini qu\u2019il d\u00e9crit est un monde \u00e9tendu, o\u00f9 tout a \u00e9t\u00e9 explor\u00e9, d\u00e9limit\u00e9, appropri\u00e9, un monde connu. Alors, qu\u2019est-ce qu\u2019un monde fini aujourd\u2019hui ? Parlons-nous de la finitude des ressources ? Parlons-nous d\u2019une nouvelle \u00e8re qui commence ? D\u2019un changement de paradigme, changement d\u2019ethos (C. Youn\u00e8s) ? Parlons-nous de la fin de son expansion ? Cette notion de monde fini fait \u00e9cho \u00e0 la question de limites. Les limites de notre monde fini sont-elles fig\u00e9es ? Sont-elles importantes \u00e0 d\u00e9finir ou \u00e0 red\u00e9finir ? Nous vivons une \u00e9poque aux multiples crises \u2013 \u00e9cologique, politique, sociale, sanitaire, etc. \u2013 o\u00f9 la notion de limites, des limites de nos actions, est au c\u0153ur de nos d\u00e9bats actuels et nous permet de questionner notre rapport au monde. Il est alors important, face \u00e0 ces diff\u00e9rents enjeux, de les identifier, de les repenser. Comment les limites de ce monde fini peuvent-elles devenir des ressources ?<\/p>\r\n<p><i>coordination de l\u2019ouvrage : <\/i>CATTANT Julie<i> ,<\/i> FORT-JACQUES Th\u00e9o et PESSOA FERREIRA Rovy.\u00a0<\/p>\r\n<p><em>auteurs<\/em> :\u00a0ALLIOD Melanie, ASQUIN Coline, BARAN Yoan, BOUDJEMA Sidonie,\u00a0BOUILLOUX Lisa, CONTOUX Estelle, DIALLO Aminata, DONY Nicolas,\u00a0LETIENNE L\u00e9a, LIU Hengxi, MARCEL Elise, PETOUNINE Oleg, SELLAK\u00a0Yasmine, TROADEC Th\u00e9o, VERMEULEN Suzanne, WIBAUX Gabriel.\u00a0<\/p>\r\n<p>avec la participation de :\u00a0CHEVAL J\u00e9r\u00e9my.<\/p>\r\n<p><i>D\u00e9p\u00f4t l\u00e9gal :\u00a0<\/i>octobre 2024<\/p>\r\n<p><i>ISBN : <\/i>9782490820306<\/p>\r\n<p>&nbsp;<\/p>\r\n\r\n\r\n","protected":false},"excerpt":{"rendered":"<div class=\"page\" title=\"Page 250\">\n<div class=\"section\">\n<div class=\"layoutArea\">\n<div class=\"column\">\n<p>Paul Val\u00e9ry \u00e9voquait en 1931 un \u00ab monde fini \u00bb, explor\u00e9 et d\u00e9limit\u00e9. Aujourd\u2019hui, cette notion soul\u00e8ve des questions sur la finitude des ressources et le besoin de red\u00e9finir nos limites dans un contexte de crises multiples. Face \u00e0 ces d\u00e9fis, il est essentiel de repenser notre rapport au monde et de transformer ces limites en ressources pour l\u2019avenir.<\/p>\n<p>Un travail des \u00e9tudiants du domaine d&rsquo;\u00e9tudes en master \u00ab\u00a0Paysages Habit\u00e9s: Architectures en Situation\u00a0\u00bb\u00a0de l&rsquo;ENSA de Lyon, actes de la journ\u00e9e d&rsquo;\u00e9tudes du 23 mars 2023.\u00a0<\/p>\n<\/div>\n<\/div>\n<\/div>\n<\/div>\n","protected":false},"featured_media":3134,"template":"","meta":[],"product_brand":[],"product_cat":[32,46,18,34,39,50,44,35],"product_tag":[62,63,55,67,53],"class_list":{"0":"post-3131","1":"product","2":"type-product","3":"status-publish","4":"has-post-thumbnail","6":"product_cat-gratuit","7":"product_cat-pdf","8":"product_cat-pedagogique","9":"product_cat-recherche","10":"product_cat-seminaires","11":"product_cat-sur-le-site","12":"product_cat-telechargeable","13":"product_cat-travaux-pedagogiques","14":"product_tag-architecture","15":"product_tag-debat","16":"product_tag-professions","17":"product_tag-recherche","18":"product_tag-urbanisme","19":"product_shipping_class-telechargement","21":"first","22":"instock","23":"downloadable","24":"virtual","25":"sold-individually","26":"purchasable","27":"product-type-simple"},"jetpack_sharing_enabled":true,"_links":{"self":[{"href":"https:\/\/architecturalpress.org\/index.php\/wp-json\/wp\/v2\/product\/3131","targetHints":{"allow":["GET"]}}],"collection":[{"href":"https:\/\/architecturalpress.org\/index.php\/wp-json\/wp\/v2\/product"}],"about":[{"href":"https:\/\/architecturalpress.org\/index.php\/wp-json\/wp\/v2\/types\/product"}],"wp:featuredmedia":[{"embeddable":true,"href":"https:\/\/architecturalpress.org\/index.php\/wp-json\/wp\/v2\/media\/3134"}],"wp:attachment":[{"href":"https:\/\/architecturalpress.org\/index.php\/wp-json\/wp\/v2\/media?parent=3131"}],"wp:term":[{"taxonomy":"product_brand","embeddable":true,"href":"https:\/\/architecturalpress.org\/index.php\/wp-json\/wp\/v2\/product_brand?post=3131"},{"taxonomy":"product_cat","embeddable":true,"href":"https:\/\/architecturalpress.org\/index.php\/wp-json\/wp\/v2\/product_cat?post=3131"},{"taxonomy":"product_tag","embeddable":true,"href":"https:\/\/architecturalpress.org\/index.php\/wp-json\/wp\/v2\/product_tag?post=3131"}],"curies":[{"name":"wp","href":"https:\/\/api.w.org\/{rel}","templated":true}]}}

<p>« Le monde fini commence », déclare Paul Valéry en 1931. Son “pessimisme” plaît, choque, préoccupe ses contemporains. C’était il y a bientôt un siècle. Le monde fini qu’il décrit est un monde étendu, où tout a été exploré, délimité, approprié, un monde connu. Alors, qu’est-ce qu’un monde fini aujourd’hui ? Parlons-nous de la finitude des ressources ? Parlons-nous d’une nouvelle ère qui commence ? D’un changement de paradigme, changement d’ethos (C. Younès) ? Parlons-nous de la fin de son expansion ? Cette notion de monde fini fait écho à la question de limites. Les limites de notre monde fini sont-elles figées ? Sont-elles importantes à définir ou à redéfinir ? Nous vivons une époque aux multiples crises – écologique, politique, sociale, sanitaire, etc. – où la notion de limites, des limites de nos actions, est au cœur de nos débats actuels et nous permet de questionner notre rapport au monde. Il est alors important, face à ces différents enjeux, de les identifier, de les repenser. Comment les limites de ce monde fini peuvent-elles devenir des ressources ?</p>
<p><i>coordination de l’ouvrage : </i>CATTANT Julie<i> ,</i> FORT-JACQUES Théo et PESSOA FERREIRA Rovy. </p>
<p><em>auteurs</em> : ALLIOD Melanie, ASQUIN Coline, BARAN Yoan, BOUDJEMA Sidonie, BOUILLOUX Lisa, CONTOUX Estelle, DIALLO Aminata, DONY Nicolas, LETIENNE Léa, LIU Hengxi, MARCEL Elise, PETOUNINE Oleg, SELLAK Yasmine, TROADEC Théo, VERMEULEN Suzanne, WIBAUX Gabriel. </p>
<p>avec la participation de : CHEVAL Jérémy.</p>
<p><i>Dépôt légal : </i>octobre 2024</p>
<p><i>ISBN : </i>9782490820306</p>
<p>&nbsp;</p>

<div class="page" title="Page 250">
<div class="section">
<div class="layoutArea">
<div class="column">
<p>Paul Valéry évoquait en 1931 un « monde fini », exploré et délimité. Aujourd’hui, cette notion soulève des questions sur la finitude des ressources et le besoin de redéfinir nos limites dans un contexte de crises multiples. Face à ces défis, il est essentiel de repenser notre rapport au monde et de transformer ces limites en ressources pour l’avenir.</p>
<p>Un travail des étudiants du domaine d&rsquo;études en master « Paysages Habités: Architectures en Situation » de l&rsquo;ENSA de Lyon, actes de la journée d&rsquo;études du 23 mars 2023. </p>
</div>
</div>
</div>
</div>
