{"id":3266,"date":"2025-03-01T09:51:10","date_gmt":"2025-03-01T08:51:10","guid":{"rendered":"https:\/\/architecturalpress.org\/?post_type=product&#038;p=3266"},"modified":"2025-03-02T19:18:50","modified_gmt":"2025-03-02T18:18:50","slug":"architecture-ambiance-cultures-constructives","status":"publish","type":"product","link":"https:\/\/architecturalpress.org\/index.php\/product\/architecture-ambiance-cultures-constructives\/","title":{"rendered":"ARCHITECTURE, AMBIANCE, CULTURES CONSTRUCTIVES"},"content":{"rendered":"\r\n\r\n\r\n<h2><b>ARCHITECTURE, AMBIANCE, CULTURES CONSTRUCTIVES<br \/><\/b><b>M\u00e9langes offerts \u00e0 Olivier Bala\u00ff<\/b><\/h2>\r\n<p>Cet ouvrage collectif rend hommage au parcours d\u2019Olivier Bala\u00ff, architecte, enseignant et chercheur, en rassemblant des contributions de ses coll\u00e8gues, amis et anciens \u00e9tudiants. \u00c0 travers des textes in\u00e9dits et une s\u00e9lection d\u2019articles publi\u00e9s entre <b>2003 et 2022<\/b>, il propose un regard approfondi sur des th\u00e9matiques essentielles \u00e0 son travail :<\/p>\r\n<ul>\r\n<li>La <b>question des ambiances<\/b>, dans leur dimension sensible et polysensorielle,<\/li>\r\n<li>Les <b>cultures constructives<\/b>, qui allient recherche, exp\u00e9rimentation et pratique professionnelle,<\/li>\r\n<li>Les <b>rapports entre histoire, patrimoine et projet contemporain<\/b>.<\/li>\r\n<\/ul>\r\n<p>R\u00e9uni sous la direction de Philippe Dufieux, ce volume met en lumi\u00e8re une pens\u00e9e qui dialogue constamment entre th\u00e9orie et pratique. Il inclut \u00e9galement un aper\u00e7u des principales r\u00e9alisations architecturales d\u2019Olivier Bala\u00ff, t\u00e9moignant d\u2019une approche attentive aux contextes urbains et humains.<\/p>\r\n<p>Un ouvrage \u00e0 destination des \u00e9tudiants, professionnels et chercheurs, int\u00e9ress\u00e9s par la conception architecturale et la r\u00e9flexion sur les ambiances de nos espaces b\u00e2tis.<\/p>\r\n<p>Ouvrage coordonn\u00e9 par Philippe Dufieux avec les contributions de : Paolo Amaldi, Gr\u00e9goire Chelkoff, Marc Crunelle, St\u00e9phane Frioux, R\u00e9mi Junquera, Mathilde Padilla, Philippe Poti\u00e9, Jean Marie Rapin, Pascal Rollet, Cyrille Simonnet, Nicolas Tixier, Laurent Volay.<span class=\"Apple-converted-space\">\u00a0<\/span><\/p>\r\n\r\n\r\n\r\n<p class=\"p1\">Ouvrage publi\u00e9 avec le concours de :<br \/>&#8211; de l\u2019ENSAG et de l&rsquo;ENSAL \u2013 \u00e9coles nationales sup\u00e9rieures d\u2019architecture de Grenoble et de Lyon, <br \/>&#8211; les unit\u00e9s de recherche EVS-LAURe (UMR5600 &#8211; villes environnements soci\u00e9t\u00e9) et CRESSON (UMR1563 &#8211; ambiances architecturales urbanit\u00e9s)<br \/><br \/><\/p>\r\n<p><em>D\u00e9p\u00f4t l\u00e9gal : f\u00e9vrier 2025 \/ 234 pages \/ <\/em><em>isbn : 9782490820320<\/em><\/p>\r\n<p><em>\u00a0<\/em><\/p>\r\n\r\n\r\n","protected":false},"excerpt":{"rendered":"<div class=\"page\" title=\"Page 250\">\n<div class=\"section\">\n<div class=\"layoutArea\">\n<div class=\"column\">\n<p><!-- wp:paragraph --><\/p>\n<h2><b>ARCHITECTURE, AMBIANCE, CULTURES CONSTRUCTIVES<br \/><\/b><b>M\u00e9langes offerts \u00e0 Olivier Bala\u00ff<\/b><\/h2>\n<p>Cet ouvrage collectif rend hommage au parcours d\u2019Olivier Bala\u00ff, architecte, enseignant et chercheur, en rassemblant des contributions de ses coll\u00e8gues, amis et anciens \u00e9tudiants. \u00c0 travers des textes in\u00e9dits et une s\u00e9lection d\u2019articles publi\u00e9s entre 2003 et 2022, il propose un regard approfondi sur des th\u00e9matiques essentielles \u00e0 son travail : la question des ambiances, les cultures constructives, qui allient recherche, les rapports entre histoire, patrimoine et projet contemporain.<\/p>\n<p>Ouvrage coordonn\u00e9 par Philippe Dufieux avec les contributions de : Paolo Amaldi, Gr\u00e9goire Chelkoff, Marc Crunelle, St\u00e9phane Frioux, R\u00e9mi Junquera, Mathilde Padilla, Philippe Poti\u00e9, Jean Marie Rapin, Pascal Rollet, Cyrille Simonnet, Nicolas Tixier, Laurent Volay.<\/p>\n<\/div>\n<\/div>\n<\/div>\n<\/div>\n","protected":false},"featured_media":3267,"template":"","meta":[],"product_brand":[],"product_cat":[33,68,34],"product_tag":[],"class_list":{"0":"post-3266","1":"product","2":"type-product","3":"status-publish","4":"has-post-thumbnail","6":"product_cat-en-vente","7":"product_cat-melanges","8":"product_cat-recherche","9":"product_shipping_class-envoi-postal","11":"first","12":"instock","13":"featured","14":"sold-individually","15":"shipping-taxable","16":"purchasable","17":"product-type-simple"},"jetpack_sharing_enabled":true,"_links":{"self":[{"href":"https:\/\/architecturalpress.org\/index.php\/wp-json\/wp\/v2\/product\/3266","targetHints":{"allow":["GET"]}}],"collection":[{"href":"https:\/\/architecturalpress.org\/index.php\/wp-json\/wp\/v2\/product"}],"about":[{"href":"https:\/\/architecturalpress.org\/index.php\/wp-json\/wp\/v2\/types\/product"}],"wp:featuredmedia":[{"embeddable":true,"href":"https:\/\/architecturalpress.org\/index.php\/wp-json\/wp\/v2\/media\/3267"}],"wp:attachment":[{"href":"https:\/\/architecturalpress.org\/index.php\/wp-json\/wp\/v2\/media?parent=3266"}],"wp:term":[{"taxonomy":"product_brand","embeddable":true,"href":"https:\/\/architecturalpress.org\/index.php\/wp-json\/wp\/v2\/product_brand?post=3266"},{"taxonomy":"product_cat","embeddable":true,"href":"https:\/\/architecturalpress.org\/index.php\/wp-json\/wp\/v2\/product_cat?post=3266"},{"taxonomy":"product_tag","embeddable":true,"href":"https:\/\/architecturalpress.org\/index.php\/wp-json\/wp\/v2\/product_tag?post=3266"}],"curies":[{"name":"wp","href":"https:\/\/api.w.org\/{rel}","templated":true}]}}

<h2><b>ARCHITECTURE, AMBIANCE, CULTURES CONSTRUCTIVES<br /></b><b>Mélanges offerts à Olivier Balaÿ</b></h2>
<p>Cet ouvrage collectif rend hommage au parcours d’Olivier Balaÿ, architecte, enseignant et chercheur, en rassemblant des contributions de ses collègues, amis et anciens étudiants. À travers des textes inédits et une sélection d’articles publiés entre <b>2003 et 2022</b>, il propose un regard approfondi sur des thématiques essentielles à son travail :</p>
<ul>
<li>La <b>question des ambiances</b>, dans leur dimension sensible et polysensorielle,</li>
<li>Les <b>cultures constructives</b>, qui allient recherche, expérimentation et pratique professionnelle,</li>
<li>Les <b>rapports entre histoire, patrimoine et projet contemporain</b>.</li>
</ul>
<p>Réuni sous la direction de Philippe Dufieux, ce volume met en lumière une pensée qui dialogue constamment entre théorie et pratique. Il inclut également un aperçu des principales réalisations architecturales d’Olivier Balaÿ, témoignant d’une approche attentive aux contextes urbains et humains.</p>
<p>Un ouvrage à destination des étudiants, professionnels et chercheurs, intéressés par la conception architecturale et la réflexion sur les ambiances de nos espaces bâtis.</p>
<p>Ouvrage coordonné par Philippe Dufieux avec les contributions de : Paolo Amaldi, Grégoire Chelkoff, Marc Crunelle, Stéphane Frioux, Rémi Junquera, Mathilde Padilla, Philippe Potié, Jean Marie Rapin, Pascal Rollet, Cyrille Simonnet, Nicolas Tixier, Laurent Volay.<span class="Apple-converted-space"> </span></p>



<p class="p1">Ouvrage publié avec le concours de :<br />&#8211; de l’ENSAG et de l&rsquo;ENSAL – écoles nationales supérieures d’architecture de Grenoble et de Lyon, <br />&#8211; les unités de recherche EVS-LAURe (UMR5600 &#8211; villes environnements société) et CRESSON (UMR1563 &#8211; ambiances architecturales urbanités)<br /><br /></p>
<p><em>Dépôt légal : février 2025 / 234 pages / </em><em>isbn : 9782490820320</em></p>
<p><em> </em></p>

<div class="page" title="Page 250">
<div class="section">
<div class="layoutArea">
<div class="column">
<p><!-- wp:paragraph --></p>
<h2><b>ARCHITECTURE, AMBIANCE, CULTURES CONSTRUCTIVES<br /></b><b>Mélanges offerts à Olivier Balaÿ</b></h2>
<p>Cet ouvrage collectif rend hommage au parcours d’Olivier Balaÿ, architecte, enseignant et chercheur, en rassemblant des contributions de ses collègues, amis et anciens étudiants. À travers des textes inédits et une sélection d’articles publiés entre 2003 et 2022, il propose un regard approfondi sur des thématiques essentielles à son travail : la question des ambiances, les cultures constructives, qui allient recherche, les rapports entre histoire, patrimoine et projet contemporain.</p>
<p>Ouvrage coordonné par Philippe Dufieux avec les contributions de : Paolo Amaldi, Grégoire Chelkoff, Marc Crunelle, Stéphane Frioux, Rémi Junquera, Mathilde Padilla, Philippe Potié, Jean Marie Rapin, Pascal Rollet, Cyrille Simonnet, Nicolas Tixier, Laurent Volay.</p>
</div>
</div>
</div>
</div>
