{"id":3345,"date":"2025-06-09T19:02:42","date_gmt":"2025-06-09T17:02:42","guid":{"rendered":"https:\/\/architecturalpress.org\/?post_type=product&#038;p=3345"},"modified":"2025-12-01T11:08:03","modified_gmt":"2025-12-01T10:08:03","slug":"le-processus-de-reconstruction-a-breil-sur-roya","status":"publish","type":"product","link":"https:\/\/architecturalpress.org\/index.php\/product\/le-processus-de-reconstruction-a-breil-sur-roya\/","title":{"rendered":"Le processus de reconstruction \u00e0 Breil-sur-Roya"},"content":{"rendered":"\r\n\r\n\r\n<p>Le processus de reconstruction \u00e0 Breil-sur-Roya<br \/><i>Enjeux de la conception\u00a0<\/i><i>de projets urbains\u00a0<\/i><i>Post-catastrophe naturelle<\/i><\/p>\r\n<p>auteur : Adeline Boudenne<br \/>m\u00e9moire d&rsquo;initiation \u00e0 la recherche sous la direction de Chantal Dugave<br \/>pr\u00e9face de Boris Roueff, co-directeur scientifique du domaine d&rsquo;\u00e9tudes A2Res\u00a0(Architecture, Ressources et R\u00e9silience)<\/p>\r\n<p class=\"p1\"><i>Le processus de reconstruction \u00e0 Breil-sur-Roya. Enjeux de la conception de projets urbains post-catastrophe naturelle<\/i>est le fruit d\u2019un m\u00e9moire de master r\u00e9alis\u00e9 par <span class=\"s1\"><b>Adeline Boudenne<\/b><\/span> sous la direction de <span class=\"s1\"><b>Chantal Dugave<\/b><\/span>, au sein du domaine d\u2019\u00e9tudes <span class=\"s1\"><b>Architecture, Ressources et R\u00e9silience<\/b><\/span> de l\u2019\u00c9cole nationale sup\u00e9rieure d\u2019architecture de Lyon. Pr\u00e9fac\u00e9 par <span class=\"s1\"><b>Boris Roueff<\/b><\/span>, ce travail propose une lecture critique des d\u00e9marches de reconstruction \u00e0 la suite de la temp\u00eate Alex, qui a frapp\u00e9 la vall\u00e9e de la Roya en octobre 2020.<\/p>\r\n<p class=\"p1\">En prenant appui sur le cas de <span class=\"s1\"><b>Breil-sur-Roya<\/b><\/span>, la recherche explore la capacit\u00e9 d\u2019un projet urbain \u00e0 <i>faire \u00e9v\u00e8nement<\/i> dans un contexte post-catastrophe : non pas seulement r\u00e9parer ou reconstituer, mais transformer les imaginaires, renouveler les usages, engager une dynamique politique, sociale et environnementale. L\u2019autrice d\u00e9veloppe une grille d\u2019analyse \u00e0 partir de r\u00e9f\u00e9rences th\u00e9oriques crois\u00e9es \u2014 notamment les r\u00e9flexions de la philosophe <span class=\"s1\"><b>Amaena Gueniot<\/b><\/span> et de l\u2019architecte <span class=\"s1\"><b>\u00c9ric Daniel-Lacombe<\/b><\/span> \u2014 afin d\u2019\u00e9valuer dans quelle mesure les projets d\u2019am\u00e9nagement des berges de la Roya r\u00e9pondent aux enjeux contemporains de r\u00e9silience territoriale.<\/p>\r\n<p class=\"p1\">L\u2019ouvrage interroge les temporalit\u00e9s du projet, les formes de concertation, les rapports de pouvoir entre institutions et habitants, et les marges de man\u0153uvre ouvertes (ou referm\u00e9es) par l\u2019apr\u00e8s-catastrophe. Il met en lumi\u00e8re la tension entre reconstruction standardis\u00e9e et opportunit\u00e9 de bifurcation. En cela, il constitue une contribution originale \u00e0 la r\u00e9flexion sur les pratiques de projet face aux d\u00e9r\u00e8glements climatiques, aux risques naturels, et aux transformations durables des milieux habit\u00e9s.<\/p>\r\n<p class=\"p1\">Ce m\u00e9moire d\u2019initiation \u00e0 la recherche scientifique est le second ouvrage \u00e9dit\u00e9 dans une s\u00e9rie consacr\u00e9e aux travaux r\u00e9alis\u00e9s par les \u00e9tudiants de deuxi\u00e8me ann\u00e9e de master de l\u2019\u00c9cole nationale sup\u00e9rieure d\u2019architecture de Lyon.<\/p>\r\n<p class=\"p1\">Adeline Boudenne s\u2019est int\u00e9ress\u00e9e \u00e0 la phase de reconstruction urbaine qui a suivi la temp\u00eate Alex en 2020, dans la vall\u00e9e de la Roya. \u00c0 partir du cas de Breil-sur-Roya, elle interroge les mani\u00e8res dont un projet urbain peut devenir levier de transformation dans un territoire sinistr\u00e9. Comment concevoir autrement, \u00e0 l\u2019\u00e9preuve de la catastrophe ? En mobilisant une approche th\u00e9orique crois\u00e9e (philosophie, architecture, urbanisme), elle \u00e9labore une grille critique d\u2019analyse de projets d\u2019am\u00e9nagement et examine leur capacit\u00e9 \u00e0 \u00ab faire \u00e9v\u00e8nement \u00bb &#8211; c\u2019est-\u00e0-dire \u00e0 ouvrir un imaginaire, cr\u00e9er des bifurcations et engager les habitants dans un futur soutenable.<\/p>\r\n<p>Graphisme : Tony Sim\u00f5es Relvas<br \/>publication financ\u00e9e gr\u00e2ce au soutien financier de\u00a0 l&rsquo;ENSAL<\/p>\r\n<p><i>D\u00e9p\u00f4t l\u00e9gal : <\/i>juin 2025<br \/><i>ISBN : 9782490820344<\/i><\/p>\r\n\r\n\r\n","protected":false},"excerpt":{"rendered":"<div class=\"page\" title=\"Page 250\">\n<div class=\"section\">\n<div class=\"layoutArea\">\n<div class=\"column\">\n<p class=\"p1\">Ce m\u00e9moire d\u2019initiation \u00e0 la recherche scientifique est le second ouvrage \u00e9dit\u00e9 dans une s\u00e9rie consacr\u00e9e aux travaux r\u00e9alis\u00e9s par les \u00e9tudiants de deuxi\u00e8me ann\u00e9e de master de l\u2019\u00c9cole nationale sup\u00e9rieure d\u2019architecture de Lyon.<\/p>\n<p class=\"p1\">Adeline Boudenne s\u2019est int\u00e9ress\u00e9e \u00e0 la phase de reconstruction urbaine qui a suivi la temp\u00eate Alex en 2020, dans la vall\u00e9e de la Roya. \u00c0 partir du cas de Breil-sur-Roya, elle interroge les mani\u00e8res dont un projet urbain peut devenir levier de transformation dans un territoire sinistr\u00e9. Comment concevoir autrement, \u00e0 l\u2019\u00e9preuve de la catastrophe ? En mobilisant une approche th\u00e9orique crois\u00e9e (philosophie, architecture, urbanisme), elle \u00e9labore une grille critique d\u2019analyse de projets d\u2019am\u00e9nagement et examine leur capacit\u00e9 \u00e0 \u00ab faire \u00e9v\u00e8nement \u00bb &#8211; c\u2019est-\u00e0-dire \u00e0 ouvrir un imaginaire, cr\u00e9er des bifurcations et engager les habitants dans un futur soutenable.<\/p>\n<\/div>\n<\/div>\n<\/div>\n<\/div>\n","protected":false},"featured_media":3600,"template":"","meta":[],"product_brand":[],"product_cat":[32,40,46,18,34,50,44,35],"product_tag":[62,63,55,67,53],"class_list":{"0":"post-3345","1":"product","2":"type-product","3":"status-publish","4":"has-post-thumbnail","6":"product_cat-gratuit","7":"product_cat-memoires-de-recherche","8":"product_cat-pdf","9":"product_cat-pedagogique","10":"product_cat-recherche","11":"product_cat-sur-le-site","12":"product_cat-telechargeable","13":"product_cat-travaux-pedagogiques","14":"product_tag-architecture","15":"product_tag-debat","16":"product_tag-professions","17":"product_tag-recherche","18":"product_tag-urbanisme","19":"product_shipping_class-telechargement","21":"first","22":"instock","23":"featured","24":"downloadable","25":"virtual","26":"sold-individually","27":"purchasable","28":"product-type-simple"},"jetpack_sharing_enabled":true,"_links":{"self":[{"href":"https:\/\/architecturalpress.org\/index.php\/wp-json\/wp\/v2\/product\/3345","targetHints":{"allow":["GET"]}}],"collection":[{"href":"https:\/\/architecturalpress.org\/index.php\/wp-json\/wp\/v2\/product"}],"about":[{"href":"https:\/\/architecturalpress.org\/index.php\/wp-json\/wp\/v2\/types\/product"}],"wp:featuredmedia":[{"embeddable":true,"href":"https:\/\/architecturalpress.org\/index.php\/wp-json\/wp\/v2\/media\/3600"}],"wp:attachment":[{"href":"https:\/\/architecturalpress.org\/index.php\/wp-json\/wp\/v2\/media?parent=3345"}],"wp:term":[{"taxonomy":"product_brand","embeddable":true,"href":"https:\/\/architecturalpress.org\/index.php\/wp-json\/wp\/v2\/product_brand?post=3345"},{"taxonomy":"product_cat","embeddable":true,"href":"https:\/\/architecturalpress.org\/index.php\/wp-json\/wp\/v2\/product_cat?post=3345"},{"taxonomy":"product_tag","embeddable":true,"href":"https:\/\/architecturalpress.org\/index.php\/wp-json\/wp\/v2\/product_tag?post=3345"}],"curies":[{"name":"wp","href":"https:\/\/api.w.org\/{rel}","templated":true}]}}

Le processus de reconstruction à Breil-sur-Roya

<p>Le processus de reconstruction à Breil-sur-Roya<br /><i>Enjeux de la conception </i><i>de projets urbains </i><i>Post-catastrophe naturelle</i></p>
<p>auteur : Adeline Boudenne<br />mémoire d&rsquo;initiation à la recherche sous la direction de Chantal Dugave<br />préface de Boris Roueff, co-directeur scientifique du domaine d&rsquo;études A2Res (Architecture, Ressources et Résilience)</p>
<p class="p1"><i>Le processus de reconstruction à Breil-sur-Roya. Enjeux de la conception de projets urbains post-catastrophe naturelle</i>est le fruit d’un mémoire de master réalisé par <span class="s1"><b>Adeline Boudenne</b></span> sous la direction de <span class="s1"><b>Chantal Dugave</b></span>, au sein du domaine d’études <span class="s1"><b>Architecture, Ressources et Résilience</b></span> de l’École nationale supérieure d’architecture de Lyon. Préfacé par <span class="s1"><b>Boris Roueff</b></span>, ce travail propose une lecture critique des démarches de reconstruction à la suite de la tempête Alex, qui a frappé la vallée de la Roya en octobre 2020.</p>
<p class="p1">En prenant appui sur le cas de <span class="s1"><b>Breil-sur-Roya</b></span>, la recherche explore la capacité d’un projet urbain à <i>faire évènement</i> dans un contexte post-catastrophe : non pas seulement réparer ou reconstituer, mais transformer les imaginaires, renouveler les usages, engager une dynamique politique, sociale et environnementale. L’autrice développe une grille d’analyse à partir de références théoriques croisées — notamment les réflexions de la philosophe <span class="s1"><b>Amaena Gueniot</b></span> et de l’architecte <span class="s1"><b>Éric Daniel-Lacombe</b></span> — afin d’évaluer dans quelle mesure les projets d’aménagement des berges de la Roya répondent aux enjeux contemporains de résilience territoriale.</p>
<p class="p1">L’ouvrage interroge les temporalités du projet, les formes de concertation, les rapports de pouvoir entre institutions et habitants, et les marges de manœuvre ouvertes (ou refermées) par l’après-catastrophe. Il met en lumière la tension entre reconstruction standardisée et opportunité de bifurcation. En cela, il constitue une contribution originale à la réflexion sur les pratiques de projet face aux dérèglements climatiques, aux risques naturels, et aux transformations durables des milieux habités.</p>
<p class="p1">Ce mémoire d’initiation à la recherche scientifique est le second ouvrage édité dans une série consacrée aux travaux réalisés par les étudiants de deuxième année de master de l’École nationale supérieure d’architecture de Lyon.</p>
<p class="p1">Adeline Boudenne s’est intéressée à la phase de reconstruction urbaine qui a suivi la tempête Alex en 2020, dans la vallée de la Roya. À partir du cas de Breil-sur-Roya, elle interroge les manières dont un projet urbain peut devenir levier de transformation dans un territoire sinistré. Comment concevoir autrement, à l’épreuve de la catastrophe ? En mobilisant une approche théorique croisée (philosophie, architecture, urbanisme), elle élabore une grille critique d’analyse de projets d’aménagement et examine leur capacité à « faire évènement » &#8211; c’est-à-dire à ouvrir un imaginaire, créer des bifurcations et engager les habitants dans un futur soutenable.</p>
<p>Graphisme : Tony Simões Relvas<br />publication financée grâce au soutien financier de  l&rsquo;ENSAL</p>
<p><i>Dépôt légal : </i>juin 2025<br /><i>ISBN : 9782490820344</i></p>

<div class="page" title="Page 250">
<div class="section">
<div class="layoutArea">
<div class="column">
<p class="p1">Ce mémoire d’initiation à la recherche scientifique est le second ouvrage édité dans une série consacrée aux travaux réalisés par les étudiants de deuxième année de master de l’École nationale supérieure d’architecture de Lyon.</p>
<p class="p1">Adeline Boudenne s’est intéressée à la phase de reconstruction urbaine qui a suivi la tempête Alex en 2020, dans la vallée de la Roya. À partir du cas de Breil-sur-Roya, elle interroge les manières dont un projet urbain peut devenir levier de transformation dans un territoire sinistré. Comment concevoir autrement, à l’épreuve de la catastrophe ? En mobilisant une approche théorique croisée (philosophie, architecture, urbanisme), elle élabore une grille critique d’analyse de projets d’aménagement et examine leur capacité à « faire évènement » &#8211; c’est-à-dire à ouvrir un imaginaire, créer des bifurcations et engager les habitants dans un futur soutenable.</p>
</div>
</div>
</div>
</div>
