{"id":3566,"date":"2025-11-29T12:16:20","date_gmt":"2025-11-29T11:16:20","guid":{"rendered":"https:\/\/architecturalpress.org\/?post_type=product&#038;p=3566"},"modified":"2025-12-01T10:46:32","modified_gmt":"2025-12-01T09:46:32","slug":"situations-extremes-2021-2023","status":"publish","type":"product","link":"https:\/\/architecturalpress.org\/index.php\/product\/situations-extremes-2021-2023\/","title":{"rendered":"Situations extr\u00eames. R\u00e9activations de villages abandonn\u00e9s (2021-2023)"},"content":{"rendered":"\r\n<p><\/p>\r\n<div class=\"page\" title=\"Page 3\">\r\n<div class=\"layoutArea\">\r\n<div class=\"column\">\r\n<p class=\"p1\"><strong>Situations extr\u00eames. R\u00e9activations de villages abandonn\u00e9s<\/strong><\/p>\r\n<\/div>\r\n<\/div>\r\n<p class=\"p1\"><i>Atelier de projet \u2013 domaine d&rsquo;\u00e9tudes en master A2Res &#8211; ENSAL, 2021-2023<\/i><\/p>\r\n<p>\u00ab\u00a0 Situations extr\u00eames. R\u00e9activations de villages abandonn\u00e9s\u00a0\u00bb documente un enseignement de conception architecturale du domaine d\u2019\u00e9tudes Architecture, ressources et r\u00e9silience (A2Res) de l\u2019ENSAL. Conduit avec les enseignants de l\u2019\u00e9cole d\u2019ing\u00e9nieurs INSA Lyon, cet atelier interdisciplinaire de master 1 explore la mani\u00e8re dont l\u2019architecture peut affronter les d\u00e9fis pos\u00e9s par le changement climatique en travaillant au plus pr\u00e8s du r\u00e9el, de l\u2019existant et du territoire.<\/p>\r\n<p>L\u2019ouvrage couvre les ann\u00e9es universitaires 2021-2022 et 2022-2023, autour de deux sites singuliers et fortement marqu\u00e9s :<\/p>\r\n<ul>\r\n<li>Celles, village \u00e9vacu\u00e9 lors de la cr\u00e9ation du lac du Salagou, aujourd\u2019hui en ruines ;<\/li>\r\n<li>Saint-Honor\u00e9 1500 \/ La Chaud, station de ski inachev\u00e9e, symbole d\u2019une course \u00e0 l\u2019or blanc d\u00e9sormais obsol\u00e8te.<\/li>\r\n<\/ul>\r\n<p>Dans ces contextes \u00ab extr\u00eames \u00bb, \u00e9tudiants architectes et ing\u00e9nieurs travaillent \u00e0 la r\u00e9activation de villages abandonn\u00e9s en projetant l\u2019installation de 100 logements collectifs \u00e0 Celles et 50 \u00e0 100 logements \u00e0 Saint-Honor\u00e9. Les projets engagent des r\u00e9flexions profondes sur : \u00a0le vivre ensemble et les communs, les relations int\u00e9rieur\/ext\u00e9rieur, les mat\u00e9riaux bio- et g\u00e9osourc\u00e9s, la r\u00e9silience thermique et hydrique, l\u2019\u00e9conomie de moyens, le diagnostic et le relev\u00e9 comme fondements du projet,\u00a0les strat\u00e9gies bioclimatiques adapt\u00e9es aux futurs climatiques (+50 ans).<\/p>\r\n<p>Les d\u00e9marches pr\u00e9sent\u00e9es t\u00e9moignent d\u2019une p\u00e9dagogie immersive : relev\u00e9s sur site, campement avec les \u00e9tudiants, analyses crois\u00e9es avec \u00e9cologues, paysagistes, techniciens des collectivit\u00e9s, travail de terrain intensif. Elles restituent \u00e9galement la complexit\u00e9 d\u2019une collaboration architectes-ing\u00e9nieurs, o\u00f9 l\u2019interdisciplinarit\u00e9 devient un outil pour inventer des r\u00e9ponses pertinentes face \u00e0 l\u2019urgence climatique.<\/p>\r\n<p>L\u2019ouvrage, abondamment illustr\u00e9 (plans, cartographies, axonom\u00e9tries, coupes, maquettes, photographies de terrain), constitue autant un catalogue de projets qu\u2019un retour d\u2019exp\u00e9rience p\u00e9dagogique, documentant les r\u00e9ussites comme les difficult\u00e9s d\u2019un atelier confront\u00e9 au r\u00e9el.<\/p>\r\n<\/div>\r\n\r\n\r\n\r\n<p><em>Situations extr\u00eames. R\u00e9activations de villages abandonn\u00e9s &#8211; <\/em>ISBN 978-2490820- 3-82<em>\u00a0\/ distribution num\u00e9rique<\/em><\/p>\r\n<p><i>D\u00e9p\u00f4t l\u00e9gal : novembre 2025<\/i><\/p>\r\n<div class=\"page\" title=\"Page 4\">\r\n<div class=\"layoutArea\">\r\n<div class=\"column\">\r\n<p><em>coordination de la publication : <\/em>Sidonie Joly<\/p>\r\n<p><strong>Equipes enseignantes<\/strong> :<span class=\"Apple-converted-space\">\u00a0<br \/><\/span><strong>ENSAL<\/strong> : Sidonie Joly et Gianluca Cadoni (ann\u00e9e 2021-22) \/ M\u00e9lanie Meynier (ann\u00e9e 2022-23)<span class=\"Apple-converted-space\"><br \/><\/span>avec Charlie Fricaud, Pierre Br\u00e9geon, R\u00e9my Rivier.<span class=\"Apple-converted-space\">\u00a0<br \/><\/span><strong>INSA Lyon<\/strong> : Christian Ghiaus (responsable)<span class=\"Apple-converted-space\">\u00a0<br \/><\/span>avec Laurent Brian\u00e7on, Frank Barbet, David Bertrand, Dominique Dumortier, Benoit Floquet, Sylvaine Junique, Bruno Larue, R\u00e9gis Monnard, Christophe Robbe, Christophe Rougier.<span class=\"Apple-converted-space\">\u00a0<\/span><\/p>\r\n<p><strong>Etudiants des projets 2021\u20132022 \u00e0 Celles<\/strong> :<br \/><strong>ENSAL<\/strong> : Lor\u00e8ne Albin, M\u00e9lanie Alliod, Louis Chamayou, Yann Doreau, Oumaima El Hajhouj, Amaury Favier, Julien Gonin, Lise Mangold, Apolline Mattei, Axelle Martin-Pelaud, Federico Pellarin, Caroline Paulus, Mathilde Pastural, Elena Santacesaria, Karen Sch\u00e4fer, Charles Simon, Juliette Borne-Pons, Nour Thinieres, Charlotte Ufarte, Emilie Vansteenkiste, David Viglino, Marie Zimmermann.<br \/><strong>INSA Lyon<\/strong> : Damien Baccuet, Vincent Beau, Alexis Borel, Marie Charbonnel, Romane Christina, Am\u00e9lie Dive, Julia Ditzel, Corentin Dutty, R\u00e9my Fran\u00e7ois, Kilian Gilles, Margot Girard, Bastien Guillermin, Zineb Haddad, Hong Hieu Bui, Marion Kersulec, Antoine Kisterman, Louis Laxenaire, Anne-Flore Maffi-Berthier, Florian M\u00e9rindol, Julie Mercier, Yasmine Nekrachi, Emilie Nguyen, Bastien Papacaloduca, Guillaume Prigent, Pierre Puech, Lo\u00efc Corvalan, Alexis Rouyer, Bastien Rul.<\/p>\r\n<p><strong>Etudiants des projets 2022-2023 \u00e0 Saint-Honor\u00e9 1500<\/strong> :<br \/><strong>ENSAL<\/strong> : Ga\u00eblle B\u00e9dat, Chlo\u00e9 Branjonneau, Pierre Champetier, Lo\u00efc Chef, Tom Favel, Dorottya Farago, Salom\u00e9 Geay, Lola Hinant, Yseult Lauzier-Larouche, Elisa Magaton, Am\u00e9lie Malzieu, Anastasia Micoud, Miriam Moretti, Edoardo Operti, Cyrielle Roze, Honorine Salom\u00e9, Jean-Henri Serre.<br \/><strong>INSA Lyon<\/strong> : Charlotte Ambrosino, Alexandre Brandener, Hong Hieu Bui, Marie Charbonnel, Lo\u00efc Corvalan, Corentin Dutty, R\u00e9my Fran\u00e7ois, Zineb Haddad, Evangeline Hardy, Antoine Kisterman, Louis Laxenaire, Louise Mathieu, Julie Mercier, Yasmine Nekrachi, Guillaume Prigent, Mai Son.<\/p>\r\n<\/div>\r\n<\/div>\r\n<\/div>\r\n","protected":false},"excerpt":{"rendered":"<p><!-- wp:paragraph --><\/p>\n<div class=\"layoutArea\">\n<div class=\"column\">\n<p>\u00ab\u00a0<strong>Situations extr\u00eames. R\u00e9activations de villages abandonn\u00e9s<\/strong>\u00a0\u00bb rassemble deux ann\u00e9es de projets du studio de master A2Res (ENSAL), men\u00e9 en partenariat \u00e9troit avec l\u2019INSA Lyon. \u00c0 partir de deux sites abandonn\u00e9s \u2014 le village de Celles au bord du lac du Salagou et la station fant\u00f4me de Saint-Honor\u00e9 1500 (La Chaud) \u2014 les \u00e9tudiants explorent de nouvelles mani\u00e8res d\u2019habiter dans un contexte de d\u00e9r\u00e8glement climatique, en projetant la r\u00e9activation de ces lieux d\u2019alt\u00e9rit\u00e9 par l\u2019installation de logements collectifs, de services et de dispositifs spatiaux r\u00e9silients.<\/p>\n<p>L\u2019ouvrage met en valeur une p\u00e9dagogie du \u00ab faire avec \u00bb, o\u00f9 diagnostic, immersion, mat\u00e9rialit\u00e9, collaboration architecte-ing\u00e9nieur et attention au paysage constituent les fondements de la d\u00e9marche de projet.<\/p>\n<p class=\"p1\"><i><em>Situations extr\u00eames. R\u00e9activations de villages abandonn\u00e9s &#8211; <\/em><\/i>ISBN 978-2490820- 3-82<i><em> \/ distribution num\u00e9rique \/ <\/em><\/i><i>D\u00e9p\u00f4t l\u00e9gal : novembre 2025\u00a0<\/i><\/p>\n<\/div>\n<\/div>\n<p><!-- \/wp:paragraph --><\/p>\n","protected":false},"featured_media":3575,"template":"","meta":[],"product_brand":[],"product_cat":[32,46,18,50,44,35],"product_tag":[62,64,27],"class_list":{"0":"post-3566","1":"product","2":"type-product","3":"status-publish","4":"has-post-thumbnail","6":"product_cat-gratuit","7":"product_cat-pdf","8":"product_cat-pedagogique","9":"product_cat-sur-le-site","10":"product_cat-telechargeable","11":"product_cat-travaux-pedagogiques","12":"product_tag-architecture","13":"product_tag-licence","14":"product_tag-projet-darchitecture","15":"product_shipping_class-telechargement","17":"first","18":"instock","19":"featured","20":"downloadable","21":"virtual","22":"purchasable","23":"product-type-simple"},"jetpack_sharing_enabled":true,"_links":{"self":[{"href":"https:\/\/architecturalpress.org\/index.php\/wp-json\/wp\/v2\/product\/3566","targetHints":{"allow":["GET"]}}],"collection":[{"href":"https:\/\/architecturalpress.org\/index.php\/wp-json\/wp\/v2\/product"}],"about":[{"href":"https:\/\/architecturalpress.org\/index.php\/wp-json\/wp\/v2\/types\/product"}],"wp:featuredmedia":[{"embeddable":true,"href":"https:\/\/architecturalpress.org\/index.php\/wp-json\/wp\/v2\/media\/3575"}],"wp:attachment":[{"href":"https:\/\/architecturalpress.org\/index.php\/wp-json\/wp\/v2\/media?parent=3566"}],"wp:term":[{"taxonomy":"product_brand","embeddable":true,"href":"https:\/\/architecturalpress.org\/index.php\/wp-json\/wp\/v2\/product_brand?post=3566"},{"taxonomy":"product_cat","embeddable":true,"href":"https:\/\/architecturalpress.org\/index.php\/wp-json\/wp\/v2\/product_cat?post=3566"},{"taxonomy":"product_tag","embeddable":true,"href":"https:\/\/architecturalpress.org\/index.php\/wp-json\/wp\/v2\/product_tag?post=3566"}],"curies":[{"name":"wp","href":"https:\/\/api.w.org\/{rel}","templated":true}]}}

Situations extrêmes. Réactivations de villages abandonnés (2021-2023)

<p></p>
<div class="page" title="Page 3">
<div class="layoutArea">
<div class="column">
<p class="p1"><strong>Situations extrêmes. Réactivations de villages abandonnés</strong></p>
</div>
</div>
<p class="p1"><i>Atelier de projet – domaine d&rsquo;études en master A2Res &#8211; ENSAL, 2021-2023</i></p>
<p>«  Situations extrêmes. Réactivations de villages abandonnés » documente un enseignement de conception architecturale du domaine d’études Architecture, ressources et résilience (A2Res) de l’ENSAL. Conduit avec les enseignants de l’école d’ingénieurs INSA Lyon, cet atelier interdisciplinaire de master 1 explore la manière dont l’architecture peut affronter les défis posés par le changement climatique en travaillant au plus près du réel, de l’existant et du territoire.</p>
<p>L’ouvrage couvre les années universitaires 2021-2022 et 2022-2023, autour de deux sites singuliers et fortement marqués :</p>
<ul>
<li>Celles, village évacué lors de la création du lac du Salagou, aujourd’hui en ruines ;</li>
<li>Saint-Honoré 1500 / La Chaud, station de ski inachevée, symbole d’une course à l’or blanc désormais obsolète.</li>
</ul>
<p>Dans ces contextes « extrêmes », étudiants architectes et ingénieurs travaillent à la réactivation de villages abandonnés en projetant l’installation de 100 logements collectifs à Celles et 50 à 100 logements à Saint-Honoré. Les projets engagent des réflexions profondes sur :  le vivre ensemble et les communs, les relations intérieur/extérieur, les matériaux bio- et géosourcés, la résilience thermique et hydrique, l’économie de moyens, le diagnostic et le relevé comme fondements du projet, les stratégies bioclimatiques adaptées aux futurs climatiques (+50 ans).</p>
<p>Les démarches présentées témoignent d’une pédagogie immersive : relevés sur site, campement avec les étudiants, analyses croisées avec écologues, paysagistes, techniciens des collectivités, travail de terrain intensif. Elles restituent également la complexité d’une collaboration architectes-ingénieurs, où l’interdisciplinarité devient un outil pour inventer des réponses pertinentes face à l’urgence climatique.</p>
<p>L’ouvrage, abondamment illustré (plans, cartographies, axonométries, coupes, maquettes, photographies de terrain), constitue autant un catalogue de projets qu’un retour d’expérience pédagogique, documentant les réussites comme les difficultés d’un atelier confronté au réel.</p>
</div>



<p><em>Situations extrêmes. Réactivations de villages abandonnés &#8211; </em>ISBN 978-2490820- 3-82<em> / distribution numérique</em></p>
<p><i>Dépôt légal : novembre 2025</i></p>
<div class="page" title="Page 4">
<div class="layoutArea">
<div class="column">
<p><em>coordination de la publication : </em>Sidonie Joly</p>
<p><strong>Equipes enseignantes</strong> :<span class="Apple-converted-space"> <br /></span><strong>ENSAL</strong> : Sidonie Joly et Gianluca Cadoni (année 2021-22) / Mélanie Meynier (année 2022-23)<span class="Apple-converted-space"><br /></span>avec Charlie Fricaud, Pierre Brégeon, Rémy Rivier.<span class="Apple-converted-space"> <br /></span><strong>INSA Lyon</strong> : Christian Ghiaus (responsable)<span class="Apple-converted-space"> <br /></span>avec Laurent Briançon, Frank Barbet, David Bertrand, Dominique Dumortier, Benoit Floquet, Sylvaine Junique, Bruno Larue, Régis Monnard, Christophe Robbe, Christophe Rougier.<span class="Apple-converted-space"> </span></p>
<p><strong>Etudiants des projets 2021–2022 à Celles</strong> :<br /><strong>ENSAL</strong> : Lorène Albin, Mélanie Alliod, Louis Chamayou, Yann Doreau, Oumaima El Hajhouj, Amaury Favier, Julien Gonin, Lise Mangold, Apolline Mattei, Axelle Martin-Pelaud, Federico Pellarin, Caroline Paulus, Mathilde Pastural, Elena Santacesaria, Karen Schäfer, Charles Simon, Juliette Borne-Pons, Nour Thinieres, Charlotte Ufarte, Emilie Vansteenkiste, David Viglino, Marie Zimmermann.<br /><strong>INSA Lyon</strong> : Damien Baccuet, Vincent Beau, Alexis Borel, Marie Charbonnel, Romane Christina, Amélie Dive, Julia Ditzel, Corentin Dutty, Rémy François, Kilian Gilles, Margot Girard, Bastien Guillermin, Zineb Haddad, Hong Hieu Bui, Marion Kersulec, Antoine Kisterman, Louis Laxenaire, Anne-Flore Maffi-Berthier, Florian Mérindol, Julie Mercier, Yasmine Nekrachi, Emilie Nguyen, Bastien Papacaloduca, Guillaume Prigent, Pierre Puech, Loïc Corvalan, Alexis Rouyer, Bastien Rul.</p>
<p><strong>Etudiants des projets 2022-2023 à Saint-Honoré 1500</strong> :<br /><strong>ENSAL</strong> : Gaëlle Bédat, Chloé Branjonneau, Pierre Champetier, Loïc Chef, Tom Favel, Dorottya Farago, Salomé Geay, Lola Hinant, Yseult Lauzier-Larouche, Elisa Magaton, Amélie Malzieu, Anastasia Micoud, Miriam Moretti, Edoardo Operti, Cyrielle Roze, Honorine Salomé, Jean-Henri Serre.<br /><strong>INSA Lyon</strong> : Charlotte Ambrosino, Alexandre Brandener, Hong Hieu Bui, Marie Charbonnel, Loïc Corvalan, Corentin Dutty, Rémy François, Zineb Haddad, Evangeline Hardy, Antoine Kisterman, Louis Laxenaire, Louise Mathieu, Julie Mercier, Yasmine Nekrachi, Guillaume Prigent, Mai Son.</p>
</div>
</div>
</div>

<p><!-- wp:paragraph --></p>
<div class="layoutArea">
<div class="column">
<p>« <strong>Situations extrêmes. Réactivations de villages abandonnés</strong> » rassemble deux années de projets du studio de master A2Res (ENSAL), mené en partenariat étroit avec l’INSA Lyon. À partir de deux sites abandonnés — le village de Celles au bord du lac du Salagou et la station fantôme de Saint-Honoré 1500 (La Chaud) — les étudiants explorent de nouvelles manières d’habiter dans un contexte de dérèglement climatique, en projetant la réactivation de ces lieux d’altérité par l’installation de logements collectifs, de services et de dispositifs spatiaux résilients.</p>
<p>L’ouvrage met en valeur une pédagogie du « faire avec », où diagnostic, immersion, matérialité, collaboration architecte-ingénieur et attention au paysage constituent les fondements de la démarche de projet.</p>
<p class="p1"><i><em>Situations extrêmes. Réactivations de villages abandonnés &#8211; </em></i>ISBN 978-2490820- 3-82<i><em> / distribution numérique / </em></i><i>Dépôt légal : novembre 2025 </i></p>
</div>
</div>
<p><!-- /wp:paragraph --></p>
