{"id":3648,"date":"2026-01-17T19:29:21","date_gmt":"2026-01-17T18:29:21","guid":{"rendered":"https:\/\/architecturalpress.org\/?post_type=product&#038;p=3648"},"modified":"2026-01-17T19:58:25","modified_gmt":"2026-01-17T18:58:25","slug":"livret-atelier-de-projet-semestre-2-2024-25","status":"publish","type":"product","link":"https:\/\/architecturalpress.org\/index.php\/product\/livret-atelier-de-projet-semestre-2-2024-25\/","title":{"rendered":"Livret &#8211; Atelier de projet semestre 2 &#8211; 2024-25"},"content":{"rendered":"\r\n<p><\/p>\r\n<div class=\"page\" title=\"Page 3\">\r\n<div class=\"layoutArea\">\r\n<div class=\"column\">\r\n<p>2024-25 | ENSAL | Licence \u2013 Semestre 2 | Atelier de projet<br \/><strong>Des bains sur les quais de Sa\u00f4ne<\/strong><\/p>\r\n<p>Ce livret est issu des travaux de l\u2019atelier de projet du semestre 2 de la Licence de l\u2019\u00c9cole nationale sup\u00e9rieure d\u2019architecture de Lyon, men\u00e9 durant l\u2019ann\u00e9e universitaire 2024-2025 sous la coordination de Sidonie Joly et Pierre-Yves Rustant, avec l\u2019ensemble de l\u2019\u00e9quipe enseignante du semestre.<br \/>L\u2019exercice p\u00e9dagogique intitul\u00e9 \u00ab Des bains sur les quais de Sa\u00f4ne \u00bb constitue, pour les \u00e9tudiant\u00b7es engag\u00e9\u00b7es dans les \u00e9tudes d\u2019architecture, une premi\u00e8re rencontre avec un site urbain r\u00e9el. Implant\u00e9 sur les quais de Sa\u00f4ne, le projet confronte les \u00e9tudiant\u00b7es aux questions fondamentales du contexte architectural : relation \u00e0 l\u2019espace public, rapport au sol et \u00e0 l\u2019eau, articulation avec les infrastructures existantes, orientation, vues, confrontation aux fa\u00e7ades urbaines et dialogue avec la topographie du quai et de la colline.<\/p>\r\n<p>Le travail de relev\u00e9 prolonge et consolide les apprentissages du premier semestre, en affirmant la ma\u00eetrise du g\u00e9om\u00e9tral et des outils de repr\u00e9sentation. L\u2019atelier privil\u00e9gie une approche par la masse, l\u2019enfouissement et l\u2019\u00e9videment, o\u00f9 le sol est model\u00e9, creus\u00e9, habit\u00e9. Les recherches volum\u00e9triques, notamment par la maquette, permettent de d\u00e9finir des figures architecturales fortes, en lien \u00e9troit avec le paysage fluvial et urbain.<br \/>L\u2019enseignement du projet met l\u2019accent sur l\u2019\u00e9laboration de l\u2019esquisse, l\u2019articulation entre intention et traduction architecturale, ainsi que sur la compr\u00e9hension des principes constructifs \u00e9l\u00e9mentaires. Le mur, le plancher, les seuils, les syst\u00e8mes d\u2019ouverture et de couverture deviennent des outils de qualification spatiale et sensible. La mise en eau et en lumi\u00e8re des projets en fin de semestre engage les \u00e9tudiant\u00b7es dans une premi\u00e8re exp\u00e9rience consciente du travail sur les atmosph\u00e8res architecturales.<br \/>Le dessin \u00e0 la main est volontairement impos\u00e9 comme mode d\u2019expression principal, excluant l\u2019infographie, afin de renforcer le lien direct entre pens\u00e9e, geste et espace.<br \/>Organis\u00e9 en groupes de projet encadr\u00e9s par un ou deux enseignant\u00b7es, l\u2019atelier favorise les critiques crois\u00e9es et les temps collectifs, permettant une lecture globale de la promotion et des d\u00e9marches engag\u00e9es.<\/p>\r\n<p>Publi\u00e9 en janvier 2026, ce livret t\u00e9moigne d\u2019un moment cl\u00e9 de la formation en architecture : celui o\u00f9 se construisent les premiers rapports critiques au site, \u00e0 la mati\u00e8re, \u00e0 l\u2019espace et au projet.<\/p>\r\n<\/div>\r\n<\/div>\r\n<\/div>\r\n\r\n\r\n\r\n<p><em>2024-25 , Atelier de projet Licence Semestre 2 \u00a0&#8211;\u00a0<\/em>ISBN 978-2-490820-39-9 <em>\u00a0\/ distribution num\u00e9rique<\/em><\/p>\r\n<p><i>D\u00e9p\u00f4t l\u00e9gal : janvier 2026<\/i><\/p>\r\n<div class=\"page\" title=\"Page 4\">\r\n<div class=\"layoutArea\">\r\n<div class=\"column\">\r\n<p><em>coordination de la publication : <\/em>Sidonie Joly et Pierre-Yves Rustant<\/p>\r\n<p><em>Equipe enseignante : <\/em>Sidonie JOLY et Pierre-Yves RUSTANT coresponsables, Olivier BALAY, Michele BATTON, Romain CHAZALON, Sidonie JOLY, Emmanuel MANGER, Carine MONTET, Antoine NUNES, Rovy PESSOA, Pierre-Yves RUSTANT, Alexis STREMSDOERFER, Fabrice CAVAILLE, Fabienne COMTE, Claire DAUDIN, Gregory FRISSON, Mariane GONDOUX, Marie Claire MITOUT, Laurent PERNEL.<\/p>\r\n<p><em>Travaux de : <\/em>Louison ABRAHAMI, Marl\u00e8ne ACHAIN, Lila Jasmine AGOUNE, Lilandra ALTMEYER, Lisa ANDREELLI, Marie ARMAND, Mathilde AUFFRET, Zo\u00e9 AVOGADO-LACOMBE, Justine BALAUD, Aymeric BAISSARD, Victoria BALLARIN, Khushi BEEDASSEE, Jeanne BERTHET, Quentin BERTHOGAUTHIER, Samy BOUGUERRA, Laura BOUSQUET, Jessica BOWLER, Hugo BRASSEUR, Laura BRAVO, Yoen BRUNEAU SAINT ESPES, Charline BURLET, No\u00e9mie CAPEL, Ludivine CASTERA, Isabella CASTILLA, Alexandre CHALOPIN, Jonathan CHAVEROT, Th\u00e9o CLAIROTTE, Eloise COUTURIER, Evana\u00eblle CRANE, Gergely CSOMBOK, Louise DARGAUX NECTOUX, Meriem Lina DARRAGI, Alika DAWUTH, C\u00e9sarine DE CLOCK, Sarah DERRODE, Marion DESRAYAUD, Celestine DHALLUIN, Aliz\u00e9e DAIRE, El\u00e9a DUMANOIS, Laura DUVAL, Malak ELKASABY, Ana\u00eblle ESTRABAUT, Titouan FESSY, Lisa FEUILLET, Theresa Ida FIEBER, Gabrielle FIGNOLE, Jeanne FILLOT, Nat\u00e9o FROMENT, Auxane GAFILIGI, Jules GIRAUD GERARD, Manuela GONZALVES, Thibault GROSJEAN, L\u00e9na GUERIN, Pauline HERRMANN, Jade HINAUT, Raoul HUSSON MENARGUES, Camille JACOB, Vanessa JACQUIN, Kenza JALLAL, Lou JOULIN, Jiun KIM, Dahlia LAROUE-URSULET, Melanie LECOMTE, Rapha\u00ebl LEGRIS, Imane LENDA, Chlo\u00e9 LHARIDON, Calista LIVENAIS, Rosaline MARIA, Dea MARKU, Gladys MENON, Juliette MICHEL, Anatoly MIKAELIAN, Fleur MILLOGO, Aya MOUNADI, Hortense NARDINI, Emy NAVARRO, Luna NICOLAS, Sabine PEHLOULIAN, Elsa PERREAULT, Victoria PILLOST, Tim\u00e9o PONS, Charlotte REMILIER, Eva RENAUD, Esteban RIVOLLIER, Coline ROBERT, L\u00e9a ROCASSERRA, Olivier ROLL, Aude ROLLI, Victor ROY, Adinda SEBRINATAVIA, Amelia SHARAFDEEN, Annah SOLIGNAC-LUCAS, Alexia THARRADIN, Alex TREMELO, Odessa VIAL, Nina VILLETARD FRANCESCHI, Flore VIOT MONITION, Daria YAMEOGO, Fatima Zahra ZDIGA, Radwane ZERGAINOUH, Milan ZWIKEL.<\/p>\r\n<div class=\"page\" title=\"Page 4\">\r\n<div class=\"layoutArea\">\r\n<p><em>Maquette graphique : <\/em>Sidonie Joly<em> \/ Archivage et mise en page : <\/em>Sidonie Joly \u00a0et Pierre-Yves Rustant<\/p>\r\n<\/div>\r\n<\/div>\r\n<\/div>\r\n<\/div>\r\n<\/div>\r\n","protected":false},"excerpt":{"rendered":"<p><!-- wp:paragraph --><\/p>\n<div class=\"layoutArea\">\n<div class=\"column\">\n<p class=\"p1\"><b>Des bains sur les quais de Sa\u00f4ne , <\/b><i>Atelier de projet \u2013 ENSAL, semestre 2, 2023-2024<br \/><\/i><i>Ce livret rassemble les travaux de l\u2019atelier de projet du semestre 2 de la Licence de l\u2019\u00c9cole nationale sup\u00e9rieure d\u2019architecture de Lyon, coordonn\u00e9 par <span class=\"s1\"><b>Sidonie Joly<\/b><\/span> et <span class=\"s1\"><b>Pierre-Yves Rustant<\/b><\/span>. L\u2019exercice p\u00e9dagogique propos\u00e9, \u00ab Des bains sur les quais de Sa\u00f4ne \u00bb, constitue pour les \u00e9tudiant\u00b7es une premi\u00e8re confrontation \u00e0 un site urbain r\u00e9el, aux enjeux topographiques, paysagers et architecturaux complexes.\u00a0<br \/>Fond\u00e9 sur le dessin \u00e0 la main, la maquette et l\u2019exploration volum\u00e9trique, l\u2019atelier engage les \u00e9tudiant\u00b7es dans une r\u00e9flexion sensible et construite sur le rapport au sol, \u00e0 l\u2019eau, \u00e0 la lumi\u00e8re et aux atmosph\u00e8res architecturales.<br \/>Le livret t\u00e9moigne de cette \u00e9tape fondatrice de l\u2019apprentissage du projet, entre g\u00e9om\u00e9tral, espace et mati\u00e8re.<\/i><\/p>\n<\/div>\n<\/div>\n<p><em>2024-25 , Atelier de projet Licence Semestre 2 \u00a0&#8211;\u00a0<\/em>ISBN 978-2-490820-39-9 <em>\u00a0\/ distribution num\u00e9rique<\/em><\/p>\n<p><!-- \/wp:paragraph --><\/p>\n","protected":false},"featured_media":3662,"template":"","meta":[],"product_brand":[],"product_cat":[32,46,18,50,44,35],"product_tag":[62,64,27],"class_list":{"0":"post-3648","1":"product","2":"type-product","3":"status-publish","4":"has-post-thumbnail","6":"product_cat-gratuit","7":"product_cat-pdf","8":"product_cat-pedagogique","9":"product_cat-sur-le-site","10":"product_cat-telechargeable","11":"product_cat-travaux-pedagogiques","12":"product_tag-architecture","13":"product_tag-licence","14":"product_tag-projet-darchitecture","15":"product_shipping_class-telechargement","17":"first","18":"instock","19":"downloadable","20":"virtual","21":"purchasable","22":"product-type-simple"},"jetpack_sharing_enabled":true,"_links":{"self":[{"href":"https:\/\/architecturalpress.org\/index.php\/wp-json\/wp\/v2\/product\/3648","targetHints":{"allow":["GET"]}}],"collection":[{"href":"https:\/\/architecturalpress.org\/index.php\/wp-json\/wp\/v2\/product"}],"about":[{"href":"https:\/\/architecturalpress.org\/index.php\/wp-json\/wp\/v2\/types\/product"}],"wp:featuredmedia":[{"embeddable":true,"href":"https:\/\/architecturalpress.org\/index.php\/wp-json\/wp\/v2\/media\/3662"}],"wp:attachment":[{"href":"https:\/\/architecturalpress.org\/index.php\/wp-json\/wp\/v2\/media?parent=3648"}],"wp:term":[{"taxonomy":"product_brand","embeddable":true,"href":"https:\/\/architecturalpress.org\/index.php\/wp-json\/wp\/v2\/product_brand?post=3648"},{"taxonomy":"product_cat","embeddable":true,"href":"https:\/\/architecturalpress.org\/index.php\/wp-json\/wp\/v2\/product_cat?post=3648"},{"taxonomy":"product_tag","embeddable":true,"href":"https:\/\/architecturalpress.org\/index.php\/wp-json\/wp\/v2\/product_tag?post=3648"}],"curies":[{"name":"wp","href":"https:\/\/api.w.org\/{rel}","templated":true}]}}